CRAN Package Check Results for Package webglobe

Last updated on 2025-10-09 12:51:37 CEST.

Flavor Version Tinstall Tcheck Ttotal Status Flags
r-devel-linux-x86_64-debian-clang 1.0.3 6.38 57.32 63.70 NOTE
r-devel-linux-x86_64-debian-gcc 1.0.3 5.07 44.88 49.95 NOTE
r-devel-linux-x86_64-fedora-clang 1.0.3 102.18 OK
r-devel-linux-x86_64-fedora-gcc 1.0.3 112.17 OK
r-devel-windows-x86_64 1.0.3 15.00 75.00 90.00 OK
r-patched-linux-x86_64 1.0.3 6.50 55.51 62.01 OK
r-release-linux-x86_64 1.0.3 6.88 55.45 62.33 OK
r-release-macos-arm64 1.0.3 34.00 OK
r-release-macos-x86_64 1.0.3 74.00 OK
r-release-windows-x86_64 1.0.3 16.00 73.00 89.00 OK
r-oldrel-macos-arm64 1.0.3 34.00 NOTE
r-oldrel-macos-x86_64 1.0.3 52.00 NOTE
r-oldrel-windows-x86_64 1.0.3 14.00 86.00 100.00 NOTE

Check Details

Version: 1.0.3
Check: CRAN incoming feasibility
Result: NOTE Maintainer: ‘Richard Barnes <rijard.barnes@gmail.com>’ The BugReports field in DESCRIPTION has https://github.com/r-barnes/webglobe/ which should likely be https://github.com/r-barnes/webglobe/issues instead. Flavors: r-devel-linux-x86_64-debian-clang, r-devel-linux-x86_64-debian-gcc

Version: 1.0.3
Check: installed package size
Result: NOTE installed size is 10.5Mb sub-directories of 1Mb or more: client 9.4Mb doc 1.0Mb Flavors: r-oldrel-macos-arm64, r-oldrel-macos-x86_64, r-oldrel-windows-x86_64