Last updated on 2025-11-18 11:51:33 CET.
| Flavor | Version | Tinstall | Tcheck | Ttotal | Status | Flags |
|---|---|---|---|---|---|---|
| r-devel-linux-x86_64-debian-clang | 0.0-46 | 8.92 | 71.07 | 79.99 | NOTE | |
| r-devel-linux-x86_64-debian-gcc | 0.0-46 | 5.97 | 53.48 | 59.45 | NOTE | |
| r-devel-linux-x86_64-fedora-clang | 0.0-46 | 20.00 | 101.91 | 121.91 | OK | |
| r-devel-linux-x86_64-fedora-gcc | 0.0-46 | 37.00 | 85.82 | 122.82 | OK | |
| r-devel-windows-x86_64 | 0.0-46 | 11.00 | 78.00 | 89.00 | OK | |
| r-patched-linux-x86_64 | 0.0-46 | 9.48 | 66.55 | 76.03 | OK | |
| r-release-linux-x86_64 | 0.0-46 | 8.82 | 67.65 | 76.47 | OK | |
| r-release-macos-arm64 | 0.0-46 | 5.00 | 36.00 | 41.00 | OK | |
| r-release-macos-x86_64 | 0.0-46 | 10.00 | 65.00 | 75.00 | OK | |
| r-release-windows-x86_64 | 0.0-46 | 10.00 | 78.00 | 88.00 | OK | |
| r-oldrel-macos-arm64 | 0.0-46 | 4.00 | 31.00 | 35.00 | OK | |
| r-oldrel-macos-x86_64 | 0.0-46 | 6.00 | 47.00 | 53.00 | OK | |
| r-oldrel-windows-x86_64 | 0.0-46 | 13.00 | 96.00 | 109.00 | OK |
Version: 0.0-46
Check: CRAN incoming feasibility
Result: NOTE
Maintainer: ‘Michael D. Sumner <mdsumner@gmail.com>’
The BugReports field in DESCRIPTION has
https://github.com/Trackage/tripEstimation
which should likely be
https://github.com/Trackage/tripEstimation/issues
instead.
Flavors: r-devel-linux-x86_64-debian-clang, r-devel-linux-x86_64-debian-gcc