Last updated on 2025-11-03 11:49:53 CET.
| Flavor | Version | Tinstall | Tcheck | Ttotal | Status | Flags |
|---|---|---|---|---|---|---|
| r-devel-linux-x86_64-debian-clang | 0.0.2 | 151.42 | 74.86 | 226.28 | OK | |
| r-devel-linux-x86_64-debian-gcc | 0.0.2 | 99.66 | 56.71 | 156.37 | OK | |
| r-devel-linux-x86_64-fedora-clang | 0.0.2 | 315.00 | 110.33 | 425.33 | OK | |
| r-devel-linux-x86_64-fedora-gcc | 0.0.2 | 324.00 | 99.95 | 423.95 | OK | |
| r-devel-windows-x86_64 | 0.0.2 | 175.00 | 159.00 | 334.00 | OK | |
| r-patched-linux-x86_64 | 0.0.2 | 148.00 | 73.78 | 221.78 | OK | |
| r-release-linux-x86_64 | 0.0.2 | 152.13 | 74.62 | 226.75 | OK | |
| r-release-macos-arm64 | 0.0.2 | 68.00 | FAIL | |||
| r-release-macos-x86_64 | 0.0.2 | 66.00 | 32.00 | 98.00 | ERROR | |
| r-release-windows-x86_64 | 0.0.2 | 168.00 | 134.00 | 302.00 | OK | |
| r-oldrel-macos-arm64 | 0.0.2 | 59.00 | 10.00 | 69.00 | ERROR | |
| r-oldrel-macos-x86_64 | 0.0.2 | 61.00 | 19.00 | 80.00 | ERROR | |
| r-oldrel-windows-x86_64 | 0.0.2 | 217.00 | 162.00 | 379.00 | NOTE |
Version: 0.0.2
Check: package dependencies
Result: FAIL
Flavor: r-release-macos-arm64
Version: 0.0.2
Check: whether package can be installed
Result: ERROR
Installation failed.
Flavors: r-release-macos-x86_64, r-oldrel-macos-arm64, r-oldrel-macos-x86_64
Version: 0.0.2
Check: installed package size
Result: NOTE
installed size is 7.2Mb
sub-directories of 1Mb or more:
libs 4.7Mb
Flavor: r-oldrel-windows-x86_64
Version: 0.0.2
Check: for GNU extensions in Makefiles
Result: NOTE
GNU make is a SystemRequirements.
Flavor: r-oldrel-windows-x86_64