CRAN Package Check Results for Package scquantum

Last updated on 2025-11-15 11:50:57 CET.

Flavor Version Tinstall Tcheck Ttotal Status Flags
r-devel-linux-x86_64-debian-clang 1.0.0 2.72 20.51 23.23 OK
r-devel-linux-x86_64-debian-gcc 1.0.0 2.10 16.71 18.81 OK
r-devel-linux-x86_64-fedora-clang 1.0.0 34.88 NOTE
r-devel-linux-x86_64-fedora-gcc 1.0.0 33.19 NOTE
r-devel-windows-x86_64 1.0.0 8.00 40.00 48.00 OK
r-patched-linux-x86_64 1.0.0 2.40 19.16 21.56 OK
r-release-linux-x86_64 1.0.0 2.47 19.32 21.79 OK
r-release-macos-arm64 1.0.0 4.00 20.00 24.00 OK
r-release-macos-x86_64 1.0.0 4.00 24.00 28.00 OK
r-release-windows-x86_64 1.0.0 6.00 40.00 46.00 OK
r-oldrel-macos-arm64 1.0.0 2.00 13.00 15.00 OK
r-oldrel-macos-x86_64 1.0.0 3.00 20.00 23.00 OK
r-oldrel-windows-x86_64 1.0.0 6.00 44.00 50.00 OK

Check Details

Version: 1.0.0
Check: compiled code
Result: NOTE File ‘scquantum/libs/scquantum.so’: Found no calls to: ‘R_registerRoutines’, ‘R_useDynamicSymbols’ It is good practice to register native routines and to disable symbol search. See ‘Writing portable packages’ in the ‘Writing R Extensions’ manual. Flavors: r-devel-linux-x86_64-fedora-clang, r-devel-linux-x86_64-fedora-gcc