CRAN Package Check Results for Package rtoot

Last updated on 2025-10-22 12:50:40 CEST.

Flavor Version Tinstall Tcheck Ttotal Status Flags
r-devel-linux-x86_64-debian-clang 0.3.6 2.44 61.56 64.00 NOTE
r-devel-linux-x86_64-debian-gcc 0.3.6 2.40 44.07 46.47 NOTE
r-devel-linux-x86_64-fedora-clang 0.3.6 96.43 OK
r-devel-linux-x86_64-fedora-gcc 0.3.6 109.54 OK
r-devel-windows-x86_64 0.3.6 6.00 88.00 94.00 OK
r-patched-linux-x86_64 0.3.6 3.36 57.23 60.59 OK
r-release-linux-x86_64 0.3.6 3.08 56.90 59.98 OK
r-release-macos-arm64 0.3.6 2.00 44.00 46.00 OK
r-release-macos-x86_64 0.3.6 2.00 87.00 89.00 OK
r-release-windows-x86_64 0.3.6 6.00 92.00 98.00 OK
r-oldrel-macos-arm64 0.3.6 2.00 46.00 48.00 OK
r-oldrel-macos-x86_64 0.3.6 3.00 86.00 89.00 OK
r-oldrel-windows-x86_64 0.3.6 9.00 99.00 108.00 OK

Check Details

Version: 0.3.6
Check: HTML version of manual
Result: NOTE Found the following HTML validation problems: save_auth_rtoot.html:54:1 (save_auth_rtoot.Rd:14): Warning: missing </ul> before </div> Flavors: r-devel-linux-x86_64-debian-clang, r-devel-linux-x86_64-debian-gcc