Last updated on 2025-11-02 13:49:50 CET.
| Flavor | Version | Tinstall | Tcheck | Ttotal | Status | Flags |
|---|---|---|---|---|---|---|
| r-devel-linux-x86_64-debian-clang | 0.1.2 | 1.78 | 117.98 | 119.76 | OK | |
| r-devel-linux-x86_64-debian-gcc | 0.1.2 | 1.79 | 74.04 | 75.83 | OK | |
| r-devel-linux-x86_64-fedora-clang | 0.1.2 | 184.10 | OK | |||
| r-devel-linux-x86_64-fedora-gcc | 0.1.2 | 13.00 | 192.51 | 205.51 | OK | |
| r-devel-windows-x86_64 | 0.1.2 | 4.00 | 118.00 | 122.00 | OK | |
| r-patched-linux-x86_64 | 0.1.2 | 3.18 | 107.86 | 111.04 | OK | |
| r-release-linux-x86_64 | 0.1.2 | 2.38 | 103.15 | 105.53 | OK | |
| r-release-macos-arm64 | 0.1.2 | 1.00 | 54.00 | 55.00 | OK | |
| r-release-macos-x86_64 | 0.1.2 | 4.00 | 131.00 | 135.00 | OK | |
| r-release-windows-x86_64 | 0.1.2 | 4.00 | 115.00 | 119.00 | OK | |
| r-oldrel-macos-arm64 | 0.1.2 | 1.00 | 57.00 | 58.00 | NOTE | |
| r-oldrel-macos-x86_64 | 0.1.2 | 4.00 | 125.00 | 129.00 | NOTE | |
| r-oldrel-windows-x86_64 | 0.1.2 | 5.00 | 151.00 | 156.00 | NOTE |
Version: 0.1.2
Check: package dependencies
Result: NOTE
Package suggested but not available for checking: ‘bridgestan’
Flavors: r-oldrel-macos-arm64, r-oldrel-macos-x86_64, r-oldrel-windows-x86_64