Last updated on 2025-10-09 12:51:29 CEST.
Flavor | Version | Tinstall | Tcheck | Ttotal | Status | Flags |
---|---|---|---|---|---|---|
r-devel-linux-x86_64-debian-clang | 0.3.0 | 463.62 | 195.93 | 659.55 | OK | |
r-devel-linux-x86_64-debian-gcc | 0.3.0 | 408.72 | 171.59 | 580.31 | OK | |
r-devel-linux-x86_64-fedora-clang | 0.3.0 | 986.62 | NOTE | |||
r-devel-linux-x86_64-fedora-gcc | 0.3.0 | 1337.33 | NOTE | |||
r-devel-windows-x86_64 | 0.3.0 | 502.00 | 229.00 | 731.00 | OK | |
r-patched-linux-x86_64 | 0.3.0 | 548.78 | 230.70 | 779.48 | OK | |
r-release-linux-x86_64 | 0.3.0 | 553.27 | 232.16 | 785.43 | OK | |
r-release-macos-arm64 | 0.3.0 | 282.00 | OK | |||
r-release-macos-x86_64 | 0.3.0 | 300.00 | OK | |||
r-release-windows-x86_64 | 0.3.0 | 498.00 | 232.00 | 730.00 | OK | |
r-oldrel-macos-arm64 | 0.3.0 | 287.00 | NOTE | |||
r-oldrel-macos-x86_64 | 0.3.0 | 289.00 | NOTE | |||
r-oldrel-windows-x86_64 | 0.3.0 | 572.00 | 279.00 | 851.00 | NOTE |
Version: 0.3.0
Check: dependencies in R code
Result: NOTE
Namespaces in Imports field not imported from:
‘RcppParallel’ ‘rstantools’ ‘shinythemes’
All declared Imports should be used.
Flavors: r-devel-linux-x86_64-fedora-clang, r-devel-linux-x86_64-fedora-gcc
Version: 0.3.0
Check: installed package size
Result: NOTE
installed size is 91.6Mb
sub-directories of 1Mb or more:
libs 90.8Mb
Flavors: r-oldrel-macos-arm64, r-oldrel-macos-x86_64, r-oldrel-windows-x86_64
Version: 0.3.0
Check: for GNU extensions in Makefiles
Result: NOTE
GNU make is a SystemRequirements.
Flavors: r-oldrel-macos-arm64, r-oldrel-macos-x86_64, r-oldrel-windows-x86_64