Last updated on 2025-10-21 11:53:35 CEST.
Flavor | Version | Tinstall | Tcheck | Ttotal | Status | Flags |
---|---|---|---|---|---|---|
r-devel-linux-x86_64-debian-clang | 0.1.3 | 2.36 | 40.19 | 42.55 | NOTE | |
r-devel-linux-x86_64-debian-gcc | 0.1.3 | 1.92 | 30.55 | 32.47 | NOTE | |
r-devel-linux-x86_64-fedora-clang | 0.1.3 | 64.91 | OK | |||
r-devel-linux-x86_64-fedora-gcc | 0.1.3 | 74.61 | OK | |||
r-devel-windows-x86_64 | 0.1.3 | 4.00 | 56.00 | 60.00 | OK | |
r-patched-linux-x86_64 | 0.1.3 | 2.67 | 37.55 | 40.22 | OK | |
r-release-linux-x86_64 | 0.1.3 | 2.37 | 36.71 | 39.08 | OK | |
r-release-macos-arm64 | 0.1.3 | 30.00 | OK | |||
r-release-macos-x86_64 | 0.1.3 | 3.00 | 55.00 | 58.00 | OK | |
r-release-windows-x86_64 | 0.1.3 | 3.00 | 72.00 | 75.00 | OK | |
r-oldrel-macos-arm64 | 0.1.3 | 27.00 | OK | |||
r-oldrel-macos-x86_64 | 0.1.3 | 39.00 | OK | |||
r-oldrel-windows-x86_64 | 0.1.3 | 3.00 | 67.00 | 70.00 | OK |
Version: 0.1.3
Check: CRAN incoming feasibility
Result: NOTE
Maintainer: ‘John Lepird <jlepird@alum.mit.edu>’
No Authors@R field in DESCRIPTION.
Please add one, modifying
Authors@R: person(given = "John",
family = "Lepird",
role = c("aut", "cre"),
email = "jlepird@alum.mit.edu")
as necessary.
Package CITATION file contains call(s) to old-style citEntry(). Please
use bibentry() instead.
Flavors: r-devel-linux-x86_64-debian-clang, r-devel-linux-x86_64-debian-gcc
Version: 0.1.3
Check: HTML version of manual
Result: NOTE
Found the following HTML validation problems:
dot-estimateEntropy.html:60:1 (dot-estimateEntropy.Rd:17): Warning: missing </ul> before </div>
dot-getLogIndifProb.html:54:1 (dot-getLogIndifProb.Rd:14): Warning: missing </ul> before </div>
dot-getLogStrictProb.html:54:1 (dot-getLogStrictProb.Rd:14): Warning: missing </ul> before </div>
dot-sampleEntropy.html:46:1 (dot-sampleEntropy.Rd:10): Warning: missing </ul> before </div>
Flavors: r-devel-linux-x86_64-debian-clang, r-devel-linux-x86_64-debian-gcc