Last updated on 2025-10-24 10:50:17 CEST.
| Flavor | Version | Tinstall | Tcheck | Ttotal | Status | Flags |
|---|---|---|---|---|---|---|
| r-devel-linux-x86_64-debian-clang | 1.4.8 | 4.56 | 62.04 | 66.60 | NOTE | |
| r-devel-linux-x86_64-debian-gcc | 1.4.8 | 3.11 | 49.47 | 52.58 | OK | |
| r-devel-linux-x86_64-fedora-clang | 1.4.8 | 98.49 | OK | |||
| r-devel-linux-x86_64-fedora-gcc | 1.4.8 | 11.00 | 85.03 | 96.03 | OK | |
| r-devel-windows-x86_64 | 1.4.8 | 7.00 | 105.00 | 112.00 | OK | |
| r-patched-linux-x86_64 | 1.4.8 | 4.75 | 57.61 | 62.36 | OK | |
| r-release-linux-x86_64 | 1.4.8 | 4.46 | 58.43 | 62.89 | OK | |
| r-release-macos-arm64 | 1.4.8 | 3.00 | 64.00 | 67.00 | OK | |
| r-release-macos-x86_64 | 1.4.8 | 6.00 | 84.00 | 90.00 | OK | |
| r-release-windows-x86_64 | 1.4.8 | 7.00 | 123.00 | 130.00 | OK | |
| r-oldrel-macos-arm64 | 1.4.8 | 2.00 | 43.00 | 45.00 | OK | |
| r-oldrel-macos-x86_64 | 1.4.8 | 6.00 | 93.00 | 99.00 | OK | |
| r-oldrel-windows-x86_64 | 1.4.8 | 8.00 | 121.00 | 129.00 | OK |
Version: 1.4.8
Check: HTML version of manual
Result: NOTE
Found the following HTML validation problems:
needs_compile.html:48:1 (needs_compile.Rd:11): Warning: missing </ul> before </div>
pkg_has_src.html:46:1 (pkg_has_src.Rd:10): Warning: missing </ul> before </div>
pkg_links_to_rcpp.html:48:1 (pkg_links_to_rcpp.Rd:13): Warning: missing </ul> before </div>
without_compiler.html:54:1 (without_compiler.Rd:19): Warning: missing </ul> before </div>
Flavor: r-devel-linux-x86_64-debian-clang