Last updated on 2025-11-27 10:50:46 CET.
| Flavor | Version | Tinstall | Tcheck | Ttotal | Status | Flags |
|---|---|---|---|---|---|---|
| r-devel-linux-x86_64-debian-clang | 1.1-7 | 3.01 | 31.86 | 34.87 | NOTE | |
| r-devel-linux-x86_64-debian-gcc | 1.1-7 | 2.09 | 23.63 | 25.72 | NOTE | |
| r-devel-linux-x86_64-fedora-clang | 1.1-7 | 18.00 | 40.63 | 58.63 | OK | |
| r-devel-linux-x86_64-fedora-gcc | 1.1-7 | 12.00 | 43.73 | 55.73 | OK | |
| r-devel-windows-x86_64 | 1.1-7 | 4.00 | 48.00 | 52.00 | OK | |
| r-patched-linux-x86_64 | 1.1-7 | 2.87 | 29.65 | 32.52 | OK | |
| r-release-linux-x86_64 | 1.1-7 | 2.82 | 29.94 | 32.76 | OK | |
| r-release-macos-arm64 | 1.1-7 | OK | ||||
| r-release-macos-x86_64 | 1.1-7 | 2.00 | 31.00 | 33.00 | OK | |
| r-release-windows-x86_64 | 1.1-7 | 4.00 | 51.00 | 55.00 | OK | |
| r-oldrel-macos-arm64 | 1.1-7 | OK | ||||
| r-oldrel-macos-x86_64 | 1.1-7 | 3.00 | 27.00 | 30.00 | OK | |
| r-oldrel-windows-x86_64 | 1.1-7 | 4.00 | 57.00 | 61.00 | OK |
Version: 1.1-7
Check: CRAN incoming feasibility
Result: NOTE
Maintainer: ‘Natalya Pya Arnqvist <nat.pya@gmail.com>’
No Authors@R field in DESCRIPTION.
Please add one, modifying
Authors@R: c(person(given = c("Natalya", "Pya"),
family = "Arnqvist",
role = c("aut", "cre"),
email = "nat.pya@gmail.com"),
person(given = "Vassilly",
family = "Voinov",
role = "aut"),
person(given = "Rashid",
family = "Makarov",
role = "aut"),
person(given = "Yevgeniy",
family = "Voinov",
role = "aut"))
as necessary.
Flavors: r-devel-linux-x86_64-debian-clang, r-devel-linux-x86_64-debian-gcc