Last updated on 2025-11-02 13:49:45 CET.
| Flavor | Version | Tinstall | Tcheck | Ttotal | Status | Flags |
|---|---|---|---|---|---|---|
| r-devel-linux-x86_64-debian-clang | 0.3-1 | 3.32 | 36.67 | 39.99 | NOTE | |
| r-devel-linux-x86_64-debian-gcc | 0.3-1 | 2.82 | 29.57 | 32.39 | NOTE | |
| r-devel-linux-x86_64-fedora-clang | 0.3-1 | 61.66 | OK | |||
| r-devel-linux-x86_64-fedora-gcc | 0.3-1 | 72.83 | OK | |||
| r-devel-windows-x86_64 | 0.3-1 | 6.00 | 53.00 | 59.00 | OK | |
| r-patched-linux-x86_64 | 0.3-1 | 3.20 | 35.15 | 38.35 | OK | |
| r-release-linux-x86_64 | 0.3-1 | 2.54 | 35.00 | 37.54 | OK | |
| r-release-macos-arm64 | 0.3-1 | 2.00 | 26.00 | 28.00 | OK | |
| r-release-macos-x86_64 | 0.3-1 | 3.00 | 47.00 | 50.00 | OK | |
| r-release-windows-x86_64 | 0.3-1 | 5.00 | 52.00 | 57.00 | OK | |
| r-oldrel-macos-arm64 | 0.3-1 | 2.00 | 25.00 | 27.00 | OK | |
| r-oldrel-macos-x86_64 | 0.3-1 | 3.00 | 46.00 | 49.00 | OK | |
| r-oldrel-windows-x86_64 | 0.3-1 | 8.00 | 64.00 | 72.00 | OK |
Version: 0.3-1
Check: CRAN incoming feasibility
Result: NOTE
Maintainer: ‘Philip Pallmann <pallmannp@cardiff.ac.uk>’
Package CITATION file contains call(s) to old-style personList() or
as.personList(). Please use c() on person objects instead.
Package CITATION file contains call(s) to old-style citEntry(). Please
use bibentry() instead.
Flavors: r-devel-linux-x86_64-debian-clang, r-devel-linux-x86_64-debian-gcc