Last updated on 2025-11-02 13:49:44 CET.
| Flavor | Version | Tinstall | Tcheck | Ttotal | Status | Flags |
|---|---|---|---|---|---|---|
| r-devel-linux-x86_64-debian-clang | 0.3.0 | 2.06 | 30.31 | 32.37 | NOTE | |
| r-devel-linux-x86_64-debian-gcc | 0.3.0 | 1.64 | 25.23 | 26.87 | NOTE | |
| r-devel-linux-x86_64-fedora-clang | 0.3.0 | 47.65 | OK | |||
| r-devel-linux-x86_64-fedora-gcc | 0.3.0 | 60.38 | OK | |||
| r-devel-windows-x86_64 | 0.3.0 | 3.00 | 49.00 | 52.00 | OK | |
| r-patched-linux-x86_64 | 0.3.0 | 2.35 | 28.98 | 31.33 | OK | |
| r-release-linux-x86_64 | 0.3.0 | 1.97 | 27.76 | 29.73 | OK | |
| r-release-macos-arm64 | 0.3.0 | 2.00 | 84.00 | 86.00 | OK | |
| r-release-macos-x86_64 | 0.3.0 | 2.00 | 45.00 | 47.00 | OK | |
| r-release-windows-x86_64 | 0.3.0 | 3.00 | 47.00 | 50.00 | OK | |
| r-oldrel-macos-arm64 | 0.3.0 | 1.00 | 23.00 | 24.00 | OK | |
| r-oldrel-macos-x86_64 | 0.3.0 | 2.00 | 34.00 | 36.00 | OK | |
| r-oldrel-windows-x86_64 | 0.3.0 | 3.00 | 57.00 | 60.00 | OK |
Version: 0.3.0
Check: CRAN incoming feasibility
Result: NOTE
Maintainer: ‘Ville Satopää <ville.satopaa@gmail.com>’
Package CITATION file contains call(s) to old-style personList() or
as.personList(). Please use c() on person objects instead.
Package CITATION file contains call(s) to old-style citEntry(). Please
use bibentry() instead.
Flavors: r-devel-linux-x86_64-debian-clang, r-devel-linux-x86_64-debian-gcc