Last updated on 2025-11-25 13:50:06 CET.
| Flavor | Version | Tinstall | Tcheck | Ttotal | Status | Flags |
|---|---|---|---|---|---|---|
| r-devel-linux-x86_64-debian-clang | 0.6.2 | 0.32 | 3.08 | 3.40 | ERROR | |
| r-devel-linux-x86_64-debian-gcc | 0.6.2 | 0.30 | 2.67 | 2.97 | ERROR | |
| r-devel-linux-x86_64-fedora-clang | 0.6.2 | 4.78 | ERROR | |||
| r-devel-linux-x86_64-fedora-gcc | 0.6.2 | 4.30 | ERROR | |||
| r-devel-windows-x86_64 | 0.6.2 | 36.00 | 260.00 | 296.00 | OK | |
| r-patched-linux-x86_64 | 0.6.2 | 33.00 | 278.10 | 311.10 | OK | |
| r-release-linux-x86_64 | 0.6.2 | 32.08 | 279.82 | 311.90 | OK | |
| r-release-macos-arm64 | 0.6.2 | OK | ||||
| r-release-macos-x86_64 | 0.6.2 | 35.00 | 250.00 | 285.00 | OK | |
| r-release-windows-x86_64 | 0.6.2 | 33.00 | 253.00 | 286.00 | OK | |
| r-oldrel-macos-arm64 | 0.6.2 | OK | ||||
| r-oldrel-macos-x86_64 | 0.6.2 | 30.00 | 208.00 | 238.00 | OK | |
| r-oldrel-windows-x86_64 | 0.6.2 | 47.00 | 337.00 | 384.00 | OK |
Version: 0.6.2
Check: package dependencies
Result: ERROR
Package required but not available: ‘geojsonsf’
Packages suggested but not available for checking:
'mapdeck', 'tmap', 'mapboxer'
See section ‘The DESCRIPTION file’ in the ‘Writing R Extensions’
manual.
Flavors: r-devel-linux-x86_64-debian-clang, r-devel-linux-x86_64-debian-gcc, r-devel-linux-x86_64-fedora-clang, r-devel-linux-x86_64-fedora-gcc