CRAN Package Check Results for Package labelmachine

Last updated on 2025-10-22 12:50:31 CEST.

Flavor Version Tinstall Tcheck Ttotal Status Flags
r-devel-linux-x86_64-debian-clang 1.0.0 3.07 46.54 49.61 NOTE
r-devel-linux-x86_64-debian-gcc 1.0.0 2.04 35.11 37.15 NOTE
r-devel-linux-x86_64-fedora-clang 1.0.0 11.00 65.98 76.98 OK
r-devel-linux-x86_64-fedora-gcc 1.0.0 80.84 OK
r-devel-windows-x86_64 1.0.0 4.00 70.00 74.00 OK
r-patched-linux-x86_64 1.0.0 4.32 42.83 47.15 OK
r-release-linux-x86_64 1.0.0 2.84 42.44 45.28 OK
r-release-macos-arm64 1.0.0 2.00 36.00 38.00 OK
r-release-macos-x86_64 1.0.0 3.00 54.00 57.00 OK
r-release-windows-x86_64 1.0.0 5.00 71.00 76.00 OK
r-oldrel-macos-arm64 1.0.0 2.00 30.00 32.00 OK
r-oldrel-macos-x86_64 1.0.0 2.00 44.00 46.00 OK
r-oldrel-windows-x86_64 1.0.0 4.00 79.00 83.00 OK

Check Details

Version: 1.0.0
Check: HTML version of manual
Result: NOTE Found the following HTML validation problems: check_and_translate_all.html:95:1 (check_and_translate_all.Rd:43): Warning: missing </ul> before </div> check_and_translate_df.html:92:1 (check_and_translate_df.Rd:44): Warning: missing </ul> before </div> check_and_translate_df_.html:111:1 (check_and_translate_df_.Rd:59): Warning: missing </ul> before </div> check_and_translate_vector.html:92:1 (check_and_translate_vector.Rd:44): Warning: missing </ul> before </div> check_and_translate_vector_.html:95:1 (check_and_translate_vector_.Rd:47): Warning: missing </ul> before </div> check_arguments.html:86:1 (check_arguments.Rd:40): Warning: missing </ul> before </div> check_rename.html:61:1 (check_rename.Rd:19): Warning: missing </ul> before </div> check_select.html:56:1 (check_select.Rd:16): Warning: missing </ul> before </div> lapplI.html:90:1 (lapplI.Rd:39): Warning: missing </ul> before </div> validate_translation.html:51:1 (validate_translation.Rd:13): Warning: missing </ul> before </div> Flavors: r-devel-linux-x86_64-debian-clang, r-devel-linux-x86_64-debian-gcc