CRAN Package Check Results for Package importar

Last updated on 2025-11-02 13:49:41 CET.

Flavor Version Tinstall Tcheck Ttotal Status Flags
r-devel-linux-x86_64-debian-clang 0.1.1 1.57 20.90 22.47 NOTE
r-devel-linux-x86_64-debian-gcc 0.1.1 1.19 17.29 18.48 NOTE
r-devel-linux-x86_64-fedora-clang 0.1.1 32.05 OK
r-devel-linux-x86_64-fedora-gcc 0.1.1 28.82 OK
r-devel-windows-x86_64 0.1.1 2.00 43.00 45.00 OK
r-patched-linux-x86_64 0.1.1 1.57 18.76 20.33 OK
r-release-linux-x86_64 0.1.1 1.49 18.60 20.09 OK
r-release-macos-arm64 0.1.1 1.00 16.00 17.00 OK
r-release-macos-x86_64 0.1.1 3.00 27.00 30.00 OK
r-release-windows-x86_64 0.1.1 2.00 43.00 45.00 OK
r-oldrel-macos-arm64 0.1.1 1.00 13.00 14.00 NOTE
r-oldrel-macos-x86_64 0.1.1 2.00 20.00 22.00 NOTE
r-oldrel-windows-x86_64 0.1.1 2.00 46.00 48.00 NOTE

Check Details

Version: 0.1.1
Check: CRAN incoming feasibility
Result: NOTE Maintainer: ‘Andrea Cantieni <andrea.cantieni@phsz.ch>’ No Authors@R field in DESCRIPTION. Please add one, modifying Authors@R: person(given = "Andrea", family = "Cantieni", role = c("aut", "cre"), email = "andrea.cantieni@phsz.ch") as necessary. Flavors: r-devel-linux-x86_64-debian-clang, r-devel-linux-x86_64-debian-gcc

Version: 0.1.1
Check: LazyData
Result: NOTE 'LazyData' is specified without a 'data' directory Flavors: r-oldrel-macos-arm64, r-oldrel-macos-x86_64, r-oldrel-windows-x86_64