CRAN Package Check Results for Package httk

Last updated on 2025-11-28 12:48:40 CET.

Flavor Version Tinstall Tcheck Ttotal Status Flags
r-devel-linux-x86_64-debian-clang 2.7.3 45.24 727.91 773.15 NOTE
r-devel-linux-x86_64-debian-gcc 2.7.3 28.24 472.89 501.13 NOTE
r-devel-linux-x86_64-fedora-clang 2.7.3 113.00 1064.68 1177.68 NOTE
r-devel-linux-x86_64-fedora-gcc 2.7.3 91.00 981.68 1072.68 NOTE
r-devel-windows-x86_64 2.7.3 70.00 739.00 809.00 NOTE
r-patched-linux-x86_64 2.7.3 50.30 672.29 722.59 OK
r-release-linux-x86_64 2.7.3 41.78 672.15 713.93 OK
r-release-macos-arm64 2.7.3 OK
r-release-macos-x86_64 2.7.3 50.00 512.00 562.00 OK
r-release-windows-x86_64 2.7.3 58.00 728.00 786.00 OK
r-oldrel-macos-arm64 2.7.3 NOTE
r-oldrel-macos-x86_64 2.7.3 48.00 531.00 579.00 NOTE
r-oldrel-windows-x86_64 2.7.3 73.00 961.00 1034.00 NOTE

Check Details

Version: 2.7.3
Check: Rd files
Result: NOTE checkRd: (-1) calc_mc_css.Rd:181: height/width attributes should be in pixels checkRd: (-1) calc_mc_oral_equiv.Rd:153: height/width attributes should be in pixels checkRd: (-1) solve_1comp.Rd:155-156: height/width attributes should be in pixels checkRd: (-1) solve_1comp_lifestage.Rd:164-165: height/width attributes should be in pixels checkRd: (-1) solve_3comp.Rd:184-185: height/width attributes should be in pixels checkRd: (-1) solve_3comp2.Rd:188-189: height/width attributes should be in pixels checkRd: (-1) solve_3comp_lifestage.Rd:195-196: height/width attributes should be in pixels checkRd: (-1) solve_gas_pbtk.Rd:250-251: height/width attributes should be in pixels checkRd: (-1) solve_pbtk.Rd:180-181: height/width attributes should be in pixels checkRd: (-1) solve_pbtk_lifestage.Rd:195-196: height/width attributes should be in pixels Flavors: r-devel-linux-x86_64-debian-clang, r-devel-linux-x86_64-debian-gcc, r-devel-linux-x86_64-fedora-clang, r-devel-linux-x86_64-fedora-gcc

Version: 2.7.3
Check: Rd files
Result: NOTE checkRd: (-1) calc_mc_css.Rd:181: height/width attributes should be in pixels checkRd: (-1) calc_mc_oral_equiv.Rd:153: height/width attributes should be in pixels checkRd: (-1) solve_1comp.Rd:155-156: height/width attributes should be in pixels checkRd: (-1) solve_1comp_lifestage.Rd:164-165: height/width attributes should be in pixels checkRd: (-1) solve_3comp.Rd:184-185: height/width attributes should be in pixels checkRd: (-1) solve_3comp2.Rd:188-189: height/width attributes should be in pixels checkRd: (-1) solve_3comp_lifestage.Rd:195-196: height/width attributes should be in pixels checkRd: (-1) solve_gas_pbtk.Rd:250-251: height/width attributes should be in pixels checkRd: (-1) solve_gas_pbtk.Rd:255-262: Only 5 columns allowed in this table (row 1 has 4) checkRd: (-1) solve_gas_pbtk.Rd:255-262: Only 5 columns allowed in this table (row 2 has 3) checkRd: (-1) solve_gas_pbtk.Rd:255-262: Only 5 columns allowed in this table (row 3 has 4) checkRd: (-1) solve_gas_pbtk.Rd:255-262: Only 5 columns allowed in this table (row 4 has 4) checkRd: (-1) solve_gas_pbtk.Rd:255-262: Only 5 columns allowed in this table (row 5 has 4) checkRd: (-1) solve_gas_pbtk.Rd:255-262: Only 5 columns allowed in this table (row 6 has 4) checkRd: (-1) solve_model.Rd:167-174: Only 5 columns allowed in this table (row 1 has 4) checkRd: (-1) solve_model.Rd:167-174: Only 5 columns allowed in this table (row 2 has 3) checkRd: (-1) solve_model.Rd:167-174: Only 5 columns allowed in this table (row 3 has 4) checkRd: (-1) solve_model.Rd:167-174: Only 5 columns allowed in this table (row 4 has 4) checkRd: (-1) solve_model.Rd:167-174: Only 5 columns allowed in this table (row 5 has 4) checkRd: (-1) solve_model.Rd:167-174: Only 5 columns allowed in this table (row 6 has 4) checkRd: (-1) solve_pbtk.Rd:180-181: height/width attributes should be in pixels checkRd: (-1) solve_pbtk_lifestage.Rd:195-196: height/width attributes should be in pixels Flavor: r-devel-windows-x86_64

Version: 2.7.3
Check: installed package size
Result: NOTE installed size is 7.9Mb sub-directories of 1Mb or more: data 3.1Mb doc 2.0Mb help 1.4Mb Flavors: r-oldrel-macos-arm64, r-oldrel-macos-x86_64, r-oldrel-windows-x86_64