Last updated on 2025-11-11 10:50:01 CET.
| Flavor | Version | Tinstall | Tcheck | Ttotal | Status | Flags |
|---|---|---|---|---|---|---|
| r-devel-linux-x86_64-debian-clang | 1.2 | 8.47 | 68.34 | 76.81 | NOTE | |
| r-devel-linux-x86_64-debian-gcc | 1.2 | 6.33 | 52.32 | 58.65 | NOTE | |
| r-devel-linux-x86_64-fedora-clang | 1.2 | 19.00 | 97.41 | 116.41 | OK | |
| r-devel-linux-x86_64-fedora-gcc | 1.2 | 14.00 | 95.34 | 109.34 | OK | |
| r-devel-windows-x86_64 | 1.2 | 11.00 | 80.00 | 91.00 | OK | |
| r-patched-linux-x86_64 | 1.2 | 7.19 | 65.37 | 72.56 | OK | |
| r-release-linux-x86_64 | 1.2 | 8.00 | 65.94 | 73.94 | OK | |
| r-release-macos-arm64 | 1.2 | 4.00 | 34.00 | 38.00 | OK | |
| r-release-macos-x86_64 | 1.2 | 8.00 | 58.00 | 66.00 | OK | |
| r-release-windows-x86_64 | 1.2 | 10.00 | 79.00 | 89.00 | OK | |
| r-oldrel-macos-arm64 | 1.2 | 4.00 | 32.00 | 36.00 | OK | |
| r-oldrel-macos-x86_64 | 1.2 | 6.00 | 46.00 | 52.00 | OK | |
| r-oldrel-windows-x86_64 | 1.2 | 13.00 | 96.00 | 109.00 | OK |
Version: 1.2
Check: CRAN incoming feasibility
Result: NOTE
Maintainer: ‘Charles Bouveyron <charles.bouveyron@gmail.com>’
No Authors@R field in DESCRIPTION.
Please add one, modifying
Authors@R: person(given = "Charles",
family = "Bouveyron",
role = c("aut", "cre"),
email = "charles.bouveyron@gmail.com")
as necessary.
Flavors: r-devel-linux-x86_64-debian-clang, r-devel-linux-x86_64-debian-gcc