CRAN Package Check Results for Package forecasteR

Last updated on 2025-11-20 11:51:11 CET.

Flavor Version Tinstall Tcheck Ttotal Status Flags
r-devel-linux-x86_64-debian-clang 3.0.2 15.05 102.94 117.99 NOTE
r-devel-linux-x86_64-debian-gcc 3.0.2 10.47 74.98 85.45 NOTE
r-devel-linux-x86_64-fedora-clang 3.0.2 43.00 143.07 186.07 NOTE
r-devel-linux-x86_64-fedora-gcc 3.0.2 29.00 142.52 171.52 NOTE
r-devel-windows-x86_64 3.0.2 18.00 106.00 124.00 NOTE
r-patched-linux-x86_64 3.0.2 13.35 97.67 111.02 NOTE
r-release-linux-x86_64 3.0.2 14.31 96.50 110.81 NOTE
r-release-macos-arm64 3.0.2 NOTE
r-release-macos-x86_64 3.0.2 12.00 77.00 89.00 NOTE
r-release-windows-x86_64 3.0.2 18.00 100.00 118.00 NOTE
r-oldrel-macos-arm64 3.0.2 OK
r-oldrel-macos-x86_64 3.0.2 7.00 48.00 55.00 OK
r-oldrel-windows-x86_64 3.0.2 21.00 131.00 152.00 OK

Check Details

Version: 3.0.2
Check: DESCRIPTION meta-information
Result: NOTE Missing dependency on R >= 4.1.0 because package code uses the pipe |> or function shorthand \(...) syntax added in R 4.1.0. File(s) using such syntax: ‘mod_carga_datos.R’ ‘mod_comparacion.R’ ‘mod_descom.R’ ‘mod_descom_utils.R’ ‘mod_desvio.R’ ‘mod_model_arima_utils.R’ ‘mod_normal_utils.R’ ‘mod_nuevos.R’ ‘mod_periodograma.R’ ‘mod_periodograma_utils_.R’ ‘mod_t_c.R’ ‘mod_t_c_utils.R’ ‘mod_train_test.R’ ‘ts_utils.R’ Flavors: r-devel-linux-x86_64-debian-clang, r-devel-linux-x86_64-debian-gcc, r-devel-linux-x86_64-fedora-clang, r-devel-linux-x86_64-fedora-gcc, r-devel-windows-x86_64, r-patched-linux-x86_64, r-release-linux-x86_64, r-release-macos-arm64, r-release-macos-x86_64, r-release-windows-x86_64