Last updated on 2025-11-02 13:49:38 CET.
| Flavor | Version | Tinstall | Tcheck | Ttotal | Status | Flags |
|---|---|---|---|---|---|---|
| r-devel-linux-x86_64-debian-clang | 0.3.4 | 1.92 | 36.42 | 38.34 | OK | |
| r-devel-linux-x86_64-debian-gcc | 0.3.4 | 1.69 | 28.88 | 30.57 | OK | |
| r-devel-linux-x86_64-fedora-clang | 0.3.4 | 61.42 | OK | |||
| r-devel-linux-x86_64-fedora-gcc | 0.3.4 | 74.46 | OK | |||
| r-devel-windows-x86_64 | 0.3.4 | 4.00 | 54.00 | 58.00 | OK | |
| r-patched-linux-x86_64 | 0.3.4 | 2.05 | 33.19 | 35.24 | OK | |
| r-release-linux-x86_64 | 0.3.4 | 1.72 | 33.45 | 35.17 | OK | |
| r-release-macos-arm64 | 0.3.4 | 1.00 | 34.00 | 35.00 | OK | |
| r-release-macos-x86_64 | 0.3.4 | 3.00 | 57.00 | 60.00 | OK | |
| r-release-windows-x86_64 | 0.3.4 | 4.00 | 54.00 | 58.00 | OK | |
| r-oldrel-macos-arm64 | 0.3.4 | 1.00 | 28.00 | 29.00 | NOTE | |
| r-oldrel-macos-x86_64 | 0.3.4 | 2.00 | 48.00 | 50.00 | NOTE | |
| r-oldrel-windows-x86_64 | 0.3.4 | 4.00 | 62.00 | 66.00 | NOTE |
Version: 0.3.4
Check: LazyData
Result: NOTE
'LazyData' is specified without a 'data' directory
Flavors: r-oldrel-macos-arm64, r-oldrel-macos-x86_64, r-oldrel-windows-x86_64