Last updated on 2025-10-17 12:48:33 CEST.
Flavor | Version | Tinstall | Tcheck | Ttotal | Status | Flags |
---|---|---|---|---|---|---|
r-devel-linux-x86_64-debian-clang | 0.9-3 | 39.80 | 81.67 | 121.47 | OK | |
r-devel-linux-x86_64-debian-gcc | 0.9-3 | 31.12 | 63.57 | 94.69 | OK | |
r-devel-linux-x86_64-fedora-clang | 0.9-3 | 212.88 | OK | |||
r-devel-linux-x86_64-fedora-gcc | 0.9-3 | 211.13 | OK | |||
r-devel-windows-x86_64 | 0.9-3 | 48.00 | 120.00 | 168.00 | OK | |
r-patched-linux-x86_64 | 0.9-3 | 43.87 | 81.20 | 125.07 | OK | |
r-release-linux-x86_64 | 0.9-3 | 44.28 | 80.70 | 124.98 | OK | |
r-release-macos-arm64 | 0.9-3 | 96.00 | OK | |||
r-release-macos-x86_64 | 0.9-3 | 172.00 | OK | |||
r-release-windows-x86_64 | 0.9-3 | 50.00 | 127.00 | 177.00 | OK | |
r-oldrel-macos-arm64 | 0.9-3 | 71.00 | NOTE | |||
r-oldrel-macos-x86_64 | 0.9-3 | 165.00 | NOTE | |||
r-oldrel-windows-x86_64 | 0.9-3 | 56.00 | 146.00 | 202.00 | OK |
Version: 0.9-3
Check: installed package size
Result: NOTE
installed size is 10.3Mb
sub-directories of 1Mb or more:
libs 9.8Mb
Flavors: r-oldrel-macos-arm64, r-oldrel-macos-x86_64