CRAN Package Check Results for Package evd

Last updated on 2025-10-10 11:51:03 CEST.

Flavor Version Tinstall Tcheck Ttotal Status Flags
r-devel-linux-x86_64-debian-clang 2.3-7.1 17.61 87.13 104.74 NOTE
r-devel-linux-x86_64-debian-gcc 2.3-7.1 11.36 56.53 67.89 NOTE
r-devel-linux-x86_64-fedora-clang 2.3-7.1 169.46 OK
r-devel-linux-x86_64-fedora-gcc 2.3-7.1 172.42 OK
r-devel-windows-x86_64 2.3-7.1 21.00 114.00 135.00 OK
r-patched-linux-x86_64 2.3-7.1 18.76 80.66 99.42 OK
r-release-linux-x86_64 2.3-7.1 15.77 82.17 97.94 OK
r-release-macos-arm64 2.3-7.1 42.00 OK
r-release-macos-x86_64 2.3-7.1 89.00 OK
r-release-windows-x86_64 2.3-7.1 19.00 114.00 133.00 OK
r-oldrel-macos-arm64 2.3-7.1 45.00 OK
r-oldrel-macos-x86_64 2.3-7.1 151.00 OK
r-oldrel-windows-x86_64 2.3-7.1 27.00 129.00 156.00 OK

Check Details

Version: 2.3-7.1
Check: CRAN incoming feasibility
Result: NOTE Maintainer: ‘Alec Stephenson <alec_stephenson@hotmail.com>’ No Authors@R field in DESCRIPTION. Please add one, modifying Authors@R: c(person(given = c("Alec", "Stephenson.", "Function", "fbvpot", "by", "Chris"), family = "Ferro.", role = "aut"), person(given = "Alec", family = "Stephenson", role = "cre", email = "alec_stephenson@hotmail.com")) as necessary. Flavors: r-devel-linux-x86_64-debian-clang, r-devel-linux-x86_64-debian-gcc