Last updated on 2025-10-22 12:50:25 CEST.
Flavor | Version | Tinstall | Tcheck | Ttotal | Status | Flags |
---|---|---|---|---|---|---|
r-devel-linux-x86_64-debian-clang | 2.5-1 | 754.58 | 170.28 | 924.86 | OK | |
r-devel-linux-x86_64-debian-gcc | 2.5-1 | 660.08 | 182.86 | 842.94 | OK | |
r-devel-linux-x86_64-fedora-clang | 2.5-1 | 1860.00 | -399.78 | 1460.22 | OK | |
r-devel-linux-x86_64-fedora-gcc | 2.5-1 | 2100.00 | -71.12 | 2028.88 | OK | |
r-devel-windows-x86_64 | 2.5-1 | 874.00 | 267.00 | 1141.00 | OK | |
r-patched-linux-x86_64 | 2.5-1 | 940.81 | 250.65 | 1191.46 | OK | |
r-release-linux-x86_64 | 2.5-1 | 919.90 | 251.56 | 1171.46 | OK | |
r-release-macos-arm64 | 2.5-1 | 268.00 | 59.00 | 327.00 | OK | |
r-release-macos-x86_64 | 2.5-1 | 267.00 | 177.00 | 444.00 | OK | |
r-release-windows-x86_64 | 2.5-1 | 854.00 | 258.00 | 1112.00 | OK | |
r-oldrel-macos-arm64 | 2.5-1 | 281.00 | 89.00 | 370.00 | NOTE | |
r-oldrel-macos-x86_64 | 2.5-1 | 251.00 | 148.00 | 399.00 | NOTE | |
r-oldrel-windows-x86_64 | 2.5-1 | 968.00 | 301.00 | 1269.00 | NOTE |
Version: 2.5-1
Check: package dependencies
Result: NOTE
Package suggested but not available for checking: ‘eggCountsExtra’
Flavors: r-oldrel-macos-arm64, r-oldrel-macos-x86_64, r-oldrel-windows-x86_64
Version: 2.5-1
Check: installed package size
Result: NOTE
installed size is 106.4Mb
sub-directories of 1Mb or more:
libs 105.7Mb
Flavors: r-oldrel-macos-arm64, r-oldrel-macos-x86_64, r-oldrel-windows-x86_64
Version: 2.5-1
Check: for GNU extensions in Makefiles
Result: NOTE
GNU make is a SystemRequirements.
Flavors: r-oldrel-macos-arm64, r-oldrel-macos-x86_64