Last updated on 2025-10-12 10:50:26 CEST.
Flavor | Version | Tinstall | Tcheck | Ttotal | Status | Flags |
---|---|---|---|---|---|---|
r-devel-linux-x86_64-debian-clang | 0.1.0 | 4.54 | 50.51 | 55.05 | NOTE | |
r-devel-linux-x86_64-debian-gcc | 1.0.0 | 4.10 | 40.44 | 44.54 | OK | |
r-devel-linux-x86_64-fedora-clang | 1.0.0 | 106.27 | OK | |||
r-devel-linux-x86_64-fedora-gcc | 1.0.0 | 100.40 | OK | |||
r-devel-windows-x86_64 | 1.0.0 | 8.00 | 74.00 | 82.00 | OK | |
r-patched-linux-x86_64 | 0.1.0 | 4.30 | 46.37 | 50.67 | OK | |
r-release-linux-x86_64 | 1.0.0 | 5.27 | 55.03 | 60.30 | OK | |
r-release-macos-arm64 | 1.0.0 | 30.00 | OK | |||
r-release-macos-x86_64 | 1.0.0 | 62.00 | OK | |||
r-release-windows-x86_64 | 0.1.0 | 6.00 | 63.00 | 69.00 | OK | |
r-oldrel-macos-arm64 | 1.0.0 | 35.00 | NOTE | |||
r-oldrel-macos-x86_64 | 1.0.0 | 58.00 | NOTE | |||
r-oldrel-windows-x86_64 | 0.1.0 | 8.00 | 75.00 | 83.00 | NOTE |
Version: 0.1.0
Check: CRAN incoming feasibility
Result: NOTE
Maintainer: ‘Jeffrey Zhang <jzhang17@wharton.upenn.edu>’
The Description field contains
outcomes as described in Zhang, Small, Heng (2024) <arXiv:2401.06909>.
Please refer to arXiv e-prints via their arXiv DOI <doi:10.48550/arXiv.YYMM.NNNNN>.
Flavor: r-devel-linux-x86_64-debian-clang
Version: 1.0.0
Check: package dependencies
Result: NOTE
Package suggested but not available for checking: ‘gurobi’
Flavors: r-oldrel-macos-arm64, r-oldrel-macos-x86_64
Version: 0.1.0
Check: package dependencies
Result: NOTE
Package suggested but not available for checking: 'gurobi'
Flavor: r-oldrel-windows-x86_64