Last updated on 2025-11-15 11:50:42 CET.
| Flavor | Version | Tinstall | Tcheck | Ttotal | Status | Flags |
|---|---|---|---|---|---|---|
| r-devel-linux-x86_64-debian-clang | 1.0.0 | 2.63 | 25.27 | 27.90 | OK | |
| r-devel-linux-x86_64-debian-gcc | 1.0.0 | 2.00 | 20.31 | 22.31 | OK | |
| r-devel-linux-x86_64-fedora-clang | 1.0.0 | 42.03 | OK | |||
| r-devel-linux-x86_64-fedora-gcc | 1.0.0 | 40.13 | OK | |||
| r-devel-windows-x86_64 | 1.0.0 | 8.00 | 42.00 | 50.00 | OK | |
| r-patched-linux-x86_64 | 1.0.0 | 2.56 | 24.32 | 26.88 | OK | |
| r-release-linux-x86_64 | 1.0.0 | 2.67 | 24.12 | 26.79 | OK | |
| r-release-macos-arm64 | 1.0.0 | 2.00 | 19.00 | 21.00 | OK | |
| r-release-macos-x86_64 | 1.0.0 | 2.00 | 25.00 | 27.00 | OK | |
| r-release-windows-x86_64 | 1.0.0 | 4.00 | 41.00 | 45.00 | OK | |
| r-oldrel-macos-arm64 | 1.0.0 | 2.00 | 18.00 | 20.00 | NOTE | |
| r-oldrel-macos-x86_64 | 1.0.0 | 2.00 | 30.00 | 32.00 | NOTE | |
| r-oldrel-windows-x86_64 | 1.0.0 | 6.00 | 48.00 | 54.00 | NOTE |
Version: 1.0.0
Check: LazyData
Result: NOTE
'LazyData' is specified without a 'data' directory
Flavors: r-oldrel-macos-arm64, r-oldrel-macos-x86_64, r-oldrel-windows-x86_64