CRAN Package Check Results for Package devRate

Last updated on 2025-10-09 12:51:14 CEST.

Flavor Version Tinstall Tcheck Ttotal Status Flags
r-devel-linux-x86_64-debian-clang 0.2.5 4.74 90.48 95.22 OK
r-devel-linux-x86_64-debian-gcc 0.2.5 3.28 62.98 66.26 ERROR
r-devel-linux-x86_64-fedora-clang 0.2.5 144.84 ERROR
r-devel-linux-x86_64-fedora-gcc 0.2.5 149.74 OK
r-devel-windows-x86_64 0.2.5 5.00 109.00 114.00 OK
r-patched-linux-x86_64 0.2.5 5.01 84.30 89.31 OK
r-release-linux-x86_64 0.2.5 4.34 84.62 88.96 OK
r-release-macos-arm64 0.2.5 44.00 OK
r-release-macos-x86_64 0.2.5 183.00 OK
r-release-windows-x86_64 0.2.5 7.00 106.00 113.00 ERROR
r-oldrel-macos-arm64 0.2.5 46.00 OK
r-oldrel-macos-x86_64 0.2.5 156.00 OK
r-oldrel-windows-x86_64 0.2.5 8.00 128.00 136.00 OK

Check Details

Version: 0.2.5
Check: re-building of vignette outputs
Result: ERROR Error(s) in re-building vignettes: ... --- re-building ‘guiaDelUsuario.Rmd’ using rmarkdown [WARNING] Deprecated: --highlight-style. Use --syntax-highlighting instead. --- finished re-building ‘guiaDelUsuario.Rmd’ --- re-building ‘helicoverpa_armigera.Rmd’ using rmarkdown Quitting from helicoverpa_armigera.Rmd:197-223 [r006] ~~~~~~~~~~~~~~~~~~~~~~~~~~~~~~~~~~~~~~~~~~~~~~~~~~~~~~~~~~~~~~~~~~~~~~~~~~~~~~~~ <error/rlang_error> Error in `plot.window()`: ! need finite 'xlim' values --- Backtrace: ▆ 1. ├─graphics::hist(...) 2. └─graphics::hist.default(...) 3. ├─base::plot(...) 4. └─graphics:::plot.histogram(...) 5. └─graphics::plot.window(xlim, ylim, log, ...) ~~~~~~~~~~~~~~~~~~~~~~~~~~~~~~~~~~~~~~~~~~~~~~~~~~~~~~~~~~~~~~~~~~~~~~~~~~~~~~~~ Error: processing vignette 'helicoverpa_armigera.Rmd' failed with diagnostics: need finite 'xlim' values --- failed re-building ‘helicoverpa_armigera.Rmd’ --- re-building ‘modelEvaluation.Rmd’ using rmarkdown [WARNING] Deprecated: --highlight-style. Use --syntax-highlighting instead. --- finished re-building ‘modelEvaluation.Rmd’ --- re-building ‘quickUserGuide.Rmd’ using rmarkdown [WARNING] Deprecated: --highlight-style. Use --syntax-highlighting instead. --- finished re-building ‘quickUserGuide.Rmd’ SUMMARY: processing the following file failed: ‘helicoverpa_armigera.Rmd’ Error: Vignette re-building failed. Execution halted Flavor: r-devel-linux-x86_64-debian-gcc

Version: 0.2.5
Check: re-building of vignette outputs
Result: ERROR Error(s) in re-building vignettes: --- re-building ‘guiaDelUsuario.Rmd’ using rmarkdown [WARNING] Deprecated: --highlight-style. Use --syntax-highlighting instead. --- finished re-building ‘guiaDelUsuario.Rmd’ --- re-building ‘helicoverpa_armigera.Rmd’ using rmarkdown Quitting from helicoverpa_armigera.Rmd:197-223 [r006] ~~~~~~~~~~~~~~~~~~~~~~~~~~~~~~~~~~~~~~~~~~~~~~~~~~~~~~~~~~~~~~~~~~~~~~~~~~~~~~~~ <error/rlang_error> Error in `plot.window()`: ! need finite 'xlim' values --- Backtrace: ▆ 1. ├─graphics::hist(...) 2. └─graphics::hist.default(...) 3. ├─base::plot(...) 4. └─graphics:::plot.histogram(...) 5. └─graphics::plot.window(xlim, ylim, log, ...) ~~~~~~~~~~~~~~~~~~~~~~~~~~~~~~~~~~~~~~~~~~~~~~~~~~~~~~~~~~~~~~~~~~~~~~~~~~~~~~~~ Error: processing vignette 'helicoverpa_armigera.Rmd' failed with diagnostics: need finite 'xlim' values --- failed re-building ‘helicoverpa_armigera.Rmd’ --- re-building ‘modelEvaluation.Rmd’ using rmarkdown [WARNING] Deprecated: --highlight-style. Use --syntax-highlighting instead. --- finished re-building ‘modelEvaluation.Rmd’ --- re-building ‘quickUserGuide.Rmd’ using rmarkdown [WARNING] Deprecated: --highlight-style. Use --syntax-highlighting instead. --- finished re-building ‘quickUserGuide.Rmd’ SUMMARY: processing the following file failed: ‘helicoverpa_armigera.Rmd’ Error: Vignette re-building failed. Execution halted Flavor: r-devel-linux-x86_64-fedora-clang

Version: 0.2.5
Check: re-building of vignette outputs
Result: ERROR Error(s) in re-building vignettes: --- re-building 'guiaDelUsuario.Rmd' using rmarkdown --- finished re-building 'guiaDelUsuario.Rmd' --- re-building 'helicoverpa_armigera.Rmd' using rmarkdown Quitting from helicoverpa_armigera.Rmd:197-223 [r006] ~~~~~~~~~~~~~~~~~~~~~~~~~~~~~~~~~~~~~~~~~~~~~~~~~~~~~~~~~~~~~~~~~~~~~~~~~~~~~~~~ <error/rlang_error> Error in `plot.window()`: ! need finite 'xlim' values --- Backtrace: ▆ 1. ├─graphics::hist(...) 2. └─graphics::hist.default(...) 3. ├─base::plot(...) 4. └─graphics:::plot.histogram(...) 5. └─graphics::plot.window(xlim, ylim, "", ...) ~~~~~~~~~~~~~~~~~~~~~~~~~~~~~~~~~~~~~~~~~~~~~~~~~~~~~~~~~~~~~~~~~~~~~~~~~~~~~~~~ Error: processing vignette 'helicoverpa_armigera.Rmd' failed with diagnostics: need finite 'xlim' values --- failed re-building 'helicoverpa_armigera.Rmd' --- re-building 'modelEvaluation.Rmd' using rmarkdown --- finished re-building 'modelEvaluation.Rmd' --- re-building 'quickUserGuide.Rmd' using rmarkdown --- finished re-building 'quickUserGuide.Rmd' SUMMARY: processing the following file failed: 'helicoverpa_armigera.Rmd' Error: Vignette re-building failed. Execution halted Flavor: r-release-windows-x86_64