CRAN Package Check Results for Package datapack

Last updated on 2025-10-10 11:51:01 CEST.

Flavor Version Tinstall Tcheck Ttotal Status Flags
r-devel-linux-x86_64-debian-clang 1.4.1 8.05 74.77 82.82 NOTE
r-devel-linux-x86_64-debian-gcc 1.4.1 5.72 53.95 59.67 NOTE
r-devel-linux-x86_64-fedora-clang 1.4.2 137.10 OK
r-devel-linux-x86_64-fedora-gcc 1.4.2 148.35 OK
r-devel-windows-x86_64 1.4.1 11.00 97.00 108.00 NOTE
r-patched-linux-x86_64 1.4.1 8.70 70.86 79.56 NOTE
r-release-linux-x86_64 1.4.1 8.80 71.69 80.49 NOTE
r-release-macos-arm64 1.4.2 66.00 OK
r-release-macos-x86_64 1.4.2 107.00 OK
r-release-windows-x86_64 1.4.1 10.00 98.00 108.00 NOTE
r-oldrel-macos-arm64 1.4.2 52.00 OK
r-oldrel-macos-x86_64 1.4.2 94.00 OK
r-oldrel-windows-x86_64 1.4.1 14.00 117.00 131.00 NOTE

Check Details

Version: 1.4.1
Check: Rd files
Result: NOTE checkRd: (-1) DataObject-class.Rd:49: Lost braces in \itemize; meant \describe ? checkRd: (-1) DataObject-class.Rd:50: Lost braces in \itemize; meant \describe ? checkRd: (-1) DataObject-class.Rd:51: Lost braces in \itemize; meant \describe ? checkRd: (-1) DataObject-class.Rd:52: Lost braces in \itemize; meant \describe ? checkRd: (-1) DataObject-class.Rd:53: Lost braces in \itemize; meant \describe ? checkRd: (-1) DataObject-class.Rd:54: Lost braces in \itemize; meant \describe ? checkRd: (-1) DataObject-class.Rd:55: Lost braces in \itemize; meant \describe ? checkRd: (-1) DataObject-class.Rd:56: Lost braces in \itemize; meant \describe ? checkRd: (-1) DataObject-class.Rd:57: Lost braces in \itemize; meant \describe ? checkRd: (-1) DataPackage-class.Rd:48: Lost braces in \itemize; meant \describe ? checkRd: (-1) DataPackage-class.Rd:49: Lost braces in \itemize; meant \describe ? checkRd: (-1) DataPackage-class.Rd:50: Lost braces in \itemize; meant \describe ? checkRd: (-1) DataPackage-class.Rd:51: Lost braces in \itemize; meant \describe ? checkRd: (-1) DataPackage-class.Rd:52: Lost braces in \itemize; meant \describe ? checkRd: (-1) DataPackage-class.Rd:53: Lost braces in \itemize; meant \describe ? checkRd: (-1) DataPackage-class.Rd:54: Lost braces in \itemize; meant \describe ? checkRd: (-1) DataPackage-class.Rd:55: Lost braces in \itemize; meant \describe ? checkRd: (-1) DataPackage-class.Rd:56: Lost braces in \itemize; meant \describe ? checkRd: (-1) DataPackage-class.Rd:57: Lost braces in \itemize; meant \describe ? checkRd: (-1) DataPackage-class.Rd:58: Lost braces in \itemize; meant \describe ? checkRd: (-1) DataPackage-class.Rd:59: Lost braces in \itemize; meant \describe ? checkRd: (-1) DataPackage-class.Rd:60: Lost braces in \itemize; meant \describe ? checkRd: (-1) DataPackage-class.Rd:61: Lost braces in \itemize; meant \describe ? checkRd: (-1) DataPackage-class.Rd:62: Lost braces in \itemize; meant \describe ? checkRd: (-1) DataPackage-class.Rd:63: Lost braces in \itemize; meant \describe ? checkRd: (-1) DataPackage-class.Rd:64: Lost braces in \itemize; meant \describe ? checkRd: (-1) DataPackage-class.Rd:65: Lost braces in \itemize; meant \describe ? checkRd: (-1) DataPackage-class.Rd:66: Lost braces in \itemize; meant \describe ? checkRd: (-1) DataPackage-class.Rd:67: Lost braces in \itemize; meant \describe ? checkRd: (-1) DataPackage-class.Rd:68: Lost braces in \itemize; meant \describe ? checkRd: (-1) DataPackage-class.Rd:69: Lost braces in \itemize; meant \describe ? checkRd: (-1) DataPackage-class.Rd:70: Lost braces in \itemize; meant \describe ? checkRd: (-1) DataPackage-class.Rd:71: Lost braces in \itemize; meant \describe ? checkRd: (-1) DataPackage-class.Rd:72: Lost braces in \itemize; meant \describe ? checkRd: (-1) DataPackage-class.Rd:73: Lost braces in \itemize; meant \describe ? checkRd: (-1) ResourceMap-class.Rd:29: Lost braces in \itemize; meant \describe ? checkRd: (-1) ResourceMap-class.Rd:30: Lost braces in \itemize; meant \describe ? checkRd: (-1) ResourceMap-class.Rd:31: Lost braces in \itemize; meant \describe ? checkRd: (-1) ResourceMap-class.Rd:32: Lost braces in \itemize; meant \describe ? checkRd: (-1) ResourceMap-class.Rd:33: Lost braces in \itemize; meant \describe ? checkRd: (-1) SystemMetadata-class.Rd:67: Lost braces in \itemize; meant \describe ? checkRd: (-1) SystemMetadata-class.Rd:68: Lost braces in \itemize; meant \describe ? checkRd: (-1) SystemMetadata-class.Rd:69: Lost braces in \itemize; meant \describe ? checkRd: (-1) SystemMetadata-class.Rd:70: Lost braces in \itemize; meant \describe ? checkRd: (-1) SystemMetadata-class.Rd:71: Lost braces in \itemize; meant \describe ? checkRd: (-1) SystemMetadata-class.Rd:72: Lost braces in \itemize; meant \describe ? checkRd: (-1) SystemMetadata-class.Rd:73: Lost braces in \itemize; meant \describe ? checkRd: (-1) SystemMetadata-class.Rd:74: Lost braces in \itemize; meant \describe ? checkRd: (-1) datapack-deprecated.Rd:13: Lost braces in \itemize; meant \describe ? checkRd: (-1) datapack-deprecated.Rd:14: Lost braces in \itemize; meant \describe ? checkRd: (-1) datapack.Rd:44: Lost braces in \itemize; meant \describe ? checkRd: (-1) datapack.Rd:45: Lost braces in \itemize; meant \describe ? checkRd: (-1) datapack.Rd:46: Lost braces in \itemize; meant \describe ? checkRd: (-1) datapack.Rd:47: Lost braces in \itemize; meant \describe ? checkRd: (-1) describeWorkflow.Rd:59: Lost braces in \itemize; meant \describe ? checkRd: (-1) describeWorkflow.Rd:60: Lost braces in \itemize; meant \describe ? checkRd: (-1) describeWorkflow.Rd:61: Lost braces in \itemize; meant \describe ? Flavors: r-devel-linux-x86_64-debian-clang, r-devel-linux-x86_64-debian-gcc, r-devel-windows-x86_64, r-patched-linux-x86_64, r-release-linux-x86_64, r-release-windows-x86_64, r-oldrel-windows-x86_64