Last updated on 2025-10-24 10:50:05 CEST.
| Flavor | Version | Tinstall | Tcheck | Ttotal | Status | Flags |
|---|---|---|---|---|---|---|
| r-devel-linux-x86_64-debian-clang | 0.1.3 | 6.31 | 42.97 | 49.28 | NOTE | |
| r-devel-linux-x86_64-debian-gcc | 0.1.3 | 4.49 | 32.72 | 37.21 | NOTE | |
| r-devel-linux-x86_64-fedora-clang | 0.1.3 | 55.65 | OK | |||
| r-devel-linux-x86_64-fedora-gcc | 0.1.3 | 14.00 | 57.85 | 71.85 | OK | |
| r-devel-windows-x86_64 | 0.1.3 | 8.00 | 61.00 | 69.00 | OK | |
| r-patched-linux-x86_64 | 0.1.3 | 5.86 | 40.77 | 46.63 | OK | |
| r-release-linux-x86_64 | 0.1.3 | 5.78 | 40.91 | 46.69 | OK | |
| r-release-macos-arm64 | 0.1.3 | 4.00 | 28.00 | 32.00 | OK | |
| r-release-macos-x86_64 | 0.1.3 | 6.00 | 41.00 | 47.00 | OK | |
| r-release-windows-x86_64 | 0.1.3 | 8.00 | 63.00 | 71.00 | OK | |
| r-oldrel-macos-arm64 | 0.1.3 | 4.00 | 24.00 | 28.00 | OK | |
| r-oldrel-macos-x86_64 | 0.1.3 | 5.00 | 35.00 | 40.00 | OK | |
| r-oldrel-windows-x86_64 | 0.1.3 | 11.00 | 75.00 | 86.00 | OK |
Version: 0.1.3
Check: CRAN incoming feasibility
Result: NOTE
Maintainer: ‘Steve Condylios <steve.condylios@gmail.com>’
No Authors@R field in DESCRIPTION.
Please add one, modifying
Authors@R: person(given = "Steve",
family = "Condylios",
role = c("aut", "cre"),
email = "steve.condylios@gmail.com",
comment = c(ORCID = "0000-0003-0599-844X"))
as necessary.
Flavors: r-devel-linux-x86_64-debian-clang, r-devel-linux-x86_64-debian-gcc