Last updated on 2025-11-03 11:49:38 CET.
| Flavor | Version | Tinstall | Tcheck | Ttotal | Status | Flags |
|---|---|---|---|---|---|---|
| r-devel-linux-x86_64-debian-clang | 0.3.1 | 4.85 | 112.73 | 117.58 | OK | |
| r-devel-linux-x86_64-debian-gcc | 0.3.1 | 3.41 | 79.09 | 82.50 | OK | |
| r-devel-linux-x86_64-fedora-clang | 0.3.1 | 19.00 | 172.94 | 191.94 | OK | |
| r-devel-linux-x86_64-fedora-gcc | 0.3.1 | 16.00 | 183.51 | 199.51 | OK | |
| r-devel-windows-x86_64 | 0.3.1 | 8.00 | 121.00 | 129.00 | OK | |
| r-patched-linux-x86_64 | 0.3.1 | 5.45 | 107.15 | 112.60 | OK | |
| r-release-linux-x86_64 | 0.3.1 | 4.81 | 107.49 | 112.30 | OK | |
| r-release-macos-arm64 | 0.3.1 | 2.00 | 56.00 | 58.00 | OK | |
| r-release-macos-x86_64 | 0.3.1 | 7.00 | ERROR | |||
| r-release-windows-x86_64 | 0.3.1 | 9.00 | 119.00 | 128.00 | OK | |
| r-oldrel-macos-arm64 | 0.3.1 | 2.00 | 74.00 | 76.00 | OK | |
| r-oldrel-macos-x86_64 | 0.3.1 | 4.00 | 114.00 | 118.00 | OK | |
| r-oldrel-windows-x86_64 | 0.3.1 | 9.00 | 158.00 | 167.00 | OK |
Version: 0.3.1
Check: package dependencies
Result: ERROR
Packages required but not available: 'fmcsR', 'ChemmineR'
See section ‘The DESCRIPTION file’ in the ‘Writing R Extensions’
manual.
Flavor: r-release-macos-x86_64