CRAN Package Check Results for Package cellOrigins

Last updated on 2025-11-15 11:50:40 CET.

Flavor Version Tinstall Tcheck Ttotal Status Flags
r-devel-linux-x86_64-debian-clang 0.1.3 2.28 24.63 26.91 NOTE
r-devel-linux-x86_64-debian-gcc 0.1.3 1.75 20.63 22.38 NOTE
r-devel-linux-x86_64-fedora-clang 0.1.3 39.56 OK
r-devel-linux-x86_64-fedora-gcc 0.1.3 39.06 OK
r-devel-windows-x86_64 0.1.3 7.00 44.00 51.00 OK
r-patched-linux-x86_64 0.1.3 2.32 23.44 25.76 OK
r-release-linux-x86_64 0.1.3 2.30 23.95 26.25 OK
r-release-macos-arm64 0.1.3 2.00 17.00 19.00 OK
r-release-macos-x86_64 0.1.3 2.00 24.00 26.00 OK
r-release-windows-x86_64 0.1.3 4.00 44.00 48.00 OK
r-oldrel-macos-arm64 0.1.3 1.00 16.00 17.00 OK
r-oldrel-macos-x86_64 0.1.3 2.00 23.00 25.00 OK
r-oldrel-windows-x86_64 0.1.3 4.00 50.00 54.00 OK

Check Details

Version: 0.1.3
Check: CRAN incoming feasibility
Result: NOTE Maintainer: ‘David Molnar <dmolnar100@icloud.com>’ No Authors@R field in DESCRIPTION. Please add one, modifying Authors@R: person(given = "David", family = "Molnar", role = c("aut", "cre"), email = "dmolnar100@icloud.com") as necessary. Flavors: r-devel-linux-x86_64-debian-clang, r-devel-linux-x86_64-debian-gcc