Last updated on 2025-11-02 13:49:31 CET.
| Flavor | Version | Tinstall | Tcheck | Ttotal | Status | Flags |
|---|---|---|---|---|---|---|
| r-devel-linux-x86_64-debian-clang | 0.1.6 | 7.36 | 56.37 | 63.73 | OK | |
| r-devel-linux-x86_64-debian-gcc | 0.1.6 | 4.79 | 41.01 | 45.80 | OK | |
| r-devel-linux-x86_64-fedora-clang | 0.1.6 | 14.00 | 81.41 | 95.41 | OK | |
| r-devel-linux-x86_64-fedora-gcc | 0.1.6 | 14.00 | 88.11 | 102.11 | OK | |
| r-devel-windows-x86_64 | 0.1.6 | 9.00 | 66.00 | 75.00 | OK | |
| r-patched-linux-x86_64 | 0.1.6 | 6.53 | 51.03 | 57.56 | OK | |
| r-release-linux-x86_64 | 0.1.6 | 6.57 | 51.21 | 57.78 | OK | |
| r-release-macos-arm64 | 0.1.6 | 3.00 | 33.00 | 36.00 | OK | |
| r-release-macos-x86_64 | 0.1.6 | 6.00 | 74.00 | 80.00 | OK | |
| r-release-windows-x86_64 | 0.1.6 | 11.00 | 64.00 | 75.00 | OK | |
| r-oldrel-macos-arm64 | 0.1.6 | 3.00 | 31.00 | 34.00 | NOTE | |
| r-oldrel-macos-x86_64 | 0.1.6 | 5.00 | 48.00 | 53.00 | NOTE | |
| r-oldrel-windows-x86_64 | 0.1.6 | 12.00 | 80.00 | 92.00 | NOTE |
Version: 0.1.6
Check: LazyData
Result: NOTE
'LazyData' is specified without a 'data' directory
Flavors: r-oldrel-macos-arm64, r-oldrel-macos-x86_64, r-oldrel-windows-x86_64