Last updated on 2025-11-25 13:49:52 CET.
| Flavor | Version | Tinstall | Tcheck | Ttotal | Status | Flags |
|---|---|---|---|---|---|---|
| r-devel-linux-x86_64-debian-clang | 0.1.3 | 25.71 | 256.44 | 282.15 | NOTE | |
| r-devel-linux-x86_64-debian-gcc | 0.1.3 | 20.04 | 184.11 | 204.15 | NOTE | |
| r-devel-linux-x86_64-fedora-clang | 0.1.3 | 54.00 | 395.15 | 449.15 | OK | |
| r-devel-linux-x86_64-fedora-gcc | 0.1.3 | 52.00 | 385.99 | 437.99 | OK | |
| r-devel-windows-x86_64 | 0.1.3 | 31.00 | 222.00 | 253.00 | OK | |
| r-patched-linux-x86_64 | 0.1.3 | 23.93 | 250.05 | 273.98 | OK | |
| r-release-linux-x86_64 | 0.1.3 | 26.59 | 250.99 | 277.58 | OK | |
| r-release-macos-arm64 | 0.1.3 | OK | ||||
| r-release-macos-x86_64 | 0.1.3 | 30.00 | 206.00 | 236.00 | OK | |
| r-release-windows-x86_64 | 0.1.3 | 30.00 | 221.00 | 251.00 | OK | |
| r-oldrel-macos-arm64 | 0.1.3 | OK | ||||
| r-oldrel-macos-x86_64 | 0.1.3 | 18.00 | 180.00 | 198.00 | OK | |
| r-oldrel-windows-x86_64 | 0.1.3 | 39.00 | 293.00 | 332.00 | OK |
Version: 0.1.3
Check: CRAN incoming feasibility
Result: NOTE
Maintainer: ‘Julia Fukuyama <julia.fukuyama@gmail.com>’
The Description field contains
<arXiv:1702.00501>. The package also includes functionality for
Please refer to arXiv e-prints via their arXiv DOI <doi:10.48550/arXiv.YYMM.NNNNN>.
Flavors: r-devel-linux-x86_64-debian-clang, r-devel-linux-x86_64-debian-gcc