Last updated on 2025-10-24 10:50:22 CEST.
| Flavor | Version | Tinstall | Tcheck | Ttotal | Status | Flags |
|---|---|---|---|---|---|---|
| r-devel-linux-x86_64-debian-clang | 0.1-8 | 3.40 | 41.80 | 45.20 | NOTE | |
| r-devel-linux-x86_64-debian-gcc | 0.1-8 | 1.88 | 30.95 | 32.83 | NOTE | |
| r-devel-linux-x86_64-fedora-clang | 0.1-8 | 68.77 | NOTE | |||
| r-devel-linux-x86_64-fedora-gcc | 0.1-8 | 66.60 | NOTE | |||
| r-devel-windows-x86_64 | 0.1-8 | 5.00 | 56.00 | 61.00 | NOTE | |
| r-patched-linux-x86_64 | 0.1-8 | 2.25 | 39.39 | 41.64 | NOTE | |
| r-release-linux-x86_64 | 0.1-8 | 2.65 | 38.85 | 41.50 | NOTE | |
| r-release-macos-arm64 | 0.1-8 | 2.00 | 21.00 | 23.00 | NOTE | |
| r-release-macos-x86_64 | 0.1-8 | 2.00 | 36.00 | 38.00 | NOTE | |
| r-release-windows-x86_64 | 0.1-8 | 6.00 | 58.00 | 64.00 | NOTE | |
| r-oldrel-macos-arm64 | 0.1-8 | 2.00 | 21.00 | 23.00 | OK | |
| r-oldrel-macos-x86_64 | 0.1-8 | 2.00 | 30.00 | 32.00 | OK | |
| r-oldrel-windows-x86_64 | 0.1-8 | 6.00 | 69.00 | 75.00 | OK |
Version: 0.1-8
Check: DESCRIPTION meta-information
Result: NOTE
Missing dependency on R >= 4.1.0 because package code uses the pipe
|> or function shorthand \(...) syntax added in R 4.1.0.
File(s) using such syntax:
‘SiZer.R’
Flavors: r-devel-linux-x86_64-debian-clang, r-devel-linux-x86_64-debian-gcc, r-devel-linux-x86_64-fedora-clang, r-devel-linux-x86_64-fedora-gcc, r-devel-windows-x86_64, r-patched-linux-x86_64, r-release-linux-x86_64, r-release-macos-arm64, r-release-macos-x86_64, r-release-windows-x86_64
Version: 0.1-8
Check: HTML version of manual
Result: NOTE
Found the following HTML validation problems:
logLik.PiecewiseLinear.html:51:1 (logLik.PiecewiseLinear.Rd:12): Warning: missing </ul> before </div>
logLik.bent_cable.html:51:1 (logLik.bent_cable.Rd:12): Warning: missing </ul> before </div>
plot.LocallyWeightedPolynomial.html:82:1 (plot.LocallyWeightedPolynomial.Rd:33): Warning: missing </ul> before </div>
plot.PiecewiseLinear.html:59:1 (plot.PiecewiseLinear.Rd:16): Warning: missing </ul> before </div>
predict.PiecewiseLinear.html:55:1 (predict.PiecewiseLinear.Rd:14): Warning: missing </ul> before </div>
predict.bent_cable.html:55:1 (predict.bent_cable.Rd:14): Warning: missing </ul> before </div>
print.PiecewiseLinear.html:51:1 (print.PiecewiseLinear.Rd:12): Warning: missing </ul> before </div>
Flavor: r-devel-linux-x86_64-debian-clang