Last updated on 2025-11-02 13:49:50 CET.
| Flavor | Version | Tinstall | Tcheck | Ttotal | Status | Flags |
|---|---|---|---|---|---|---|
| r-devel-linux-x86_64-debian-clang | 0.1.5.5 | 410.49 | 73.71 | 484.20 | OK | |
| r-devel-linux-x86_64-debian-gcc | 0.1.5.5 | 286.53 | 50.33 | 336.86 | OK | |
| r-devel-linux-x86_64-fedora-clang | 0.1.5.5 | 466.00 | 439.81 | 905.81 | OK | |
| r-devel-linux-x86_64-fedora-gcc | 0.1.5.5 | 446.00 | 471.73 | 917.73 | OK | |
| r-devel-windows-x86_64 | 0.1.5.5 | 473.00 | 136.00 | 609.00 | OK | |
| r-patched-linux-x86_64 | 0.1.5.5 | 433.36 | 68.25 | 501.61 | OK | |
| r-release-linux-x86_64 | 0.1.5.5 | 434.04 | 68.68 | 502.72 | OK | |
| r-release-macos-arm64 | 0.1.5.5 | 137.00 | 29.00 | 166.00 | OK | |
| r-release-macos-x86_64 | 0.1.5.5 | 152.00 | 57.00 | 209.00 | OK | |
| r-release-windows-x86_64 | 0.1.5.5 | 532.00 | 138.00 | 670.00 | OK | |
| r-oldrel-macos-arm64 | 0.1.5.5 | 134.00 | 35.00 | 169.00 | NOTE | |
| r-oldrel-macos-x86_64 | 0.1.5.5 | 140.00 | 57.00 | 197.00 | NOTE | |
| r-oldrel-windows-x86_64 | 0.1.5.5 | 608.00 | 166.00 | 774.00 | OK |
Version: 0.1.5.5
Check: installed package size
Result: NOTE
installed size is 25.8Mb
sub-directories of 1Mb or more:
libs 25.0Mb
Flavors: r-oldrel-macos-arm64, r-oldrel-macos-x86_64