Last updated on 2025-11-25 13:50:13 CET.
| Flavor | Version | Tinstall | Tcheck | Ttotal | Status | Flags |
|---|---|---|---|---|---|---|
| r-devel-linux-x86_64-debian-clang | 1.2 | 2.16 | 23.51 | 25.67 | NOTE | |
| r-devel-linux-x86_64-debian-gcc | 1.2 | 1.57 | 18.45 | 20.02 | NOTE | |
| r-devel-linux-x86_64-fedora-clang | 1.2 | 37.05 | NOTE | |||
| r-devel-linux-x86_64-fedora-gcc | 1.2 | 35.98 | NOTE | |||
| r-devel-windows-x86_64 | 1.2 | 6.00 | 43.00 | 49.00 | NOTE | |
| r-patched-linux-x86_64 | 1.2 | 2.08 | 21.42 | 23.50 | NOTE | |
| r-release-linux-x86_64 | 1.2 | 2.09 | 21.76 | 23.85 | NOTE | |
| r-release-macos-arm64 | 1.2 | NOTE | ||||
| r-release-macos-x86_64 | 1.2 | 2.00 | 24.00 | 26.00 | NOTE | |
| r-release-windows-x86_64 | 1.2 | 3.00 | 42.00 | 45.00 | NOTE | |
| r-oldrel-macos-arm64 | 1.2 | NOTE | ||||
| r-oldrel-macos-x86_64 | 1.2 | 2.00 | 18.00 | 20.00 | NOTE | |
| r-oldrel-windows-x86_64 | 1.2 | 4.00 | 52.00 | 56.00 | NOTE |
Version: 1.2
Check: Rd files
Result: NOTE
checkRd: (-1) nonlinearAR1.sim.Rd:8: Lost braces; missing escapes or markup?
8 | of the form z_n = g(z_{n-1}) + epsilon. A normal distribution is assumed for the innovations.
| ^
Flavors: r-devel-linux-x86_64-debian-clang, r-devel-linux-x86_64-debian-gcc, r-devel-linux-x86_64-fedora-clang, r-devel-linux-x86_64-fedora-gcc, r-devel-windows-x86_64, r-patched-linux-x86_64, r-release-linux-x86_64, r-release-macos-arm64, r-release-macos-x86_64, r-release-windows-x86_64, r-oldrel-macos-arm64, r-oldrel-macos-x86_64, r-oldrel-windows-x86_64