Last updated on 2025-10-24 10:50:16 CEST.
| Flavor | Version | Tinstall | Tcheck | Ttotal | Status | Flags |
|---|---|---|---|---|---|---|
| r-devel-linux-x86_64-debian-clang | 1.3 | 9.51 | 73.51 | 83.02 | NOTE | |
| r-devel-linux-x86_64-debian-gcc | 1.3 | 6.32 | 53.07 | 59.39 | NOTE | |
| r-devel-linux-x86_64-fedora-clang | 1.3 | 52.00 | 82.21 | 134.21 | OK | |
| r-devel-linux-x86_64-fedora-gcc | 1.3 | 18.00 | 101.92 | 119.92 | OK | |
| r-devel-windows-x86_64 | 1.3 | 9.00 | 78.00 | 87.00 | OK | |
| r-patched-linux-x86_64 | 1.3 | 8.23 | 69.44 | 77.67 | OK | |
| r-release-linux-x86_64 | 1.3 | 8.81 | 69.93 | 78.74 | OK | |
| r-release-macos-arm64 | 1.3 | 4.00 | 31.00 | 35.00 | OK | |
| r-release-macos-x86_64 | 1.3 | 9.00 | 61.00 | 70.00 | OK | |
| r-release-windows-x86_64 | 1.3 | 9.00 | 80.00 | 89.00 | OK | |
| r-oldrel-macos-arm64 | 1.3 | 3.00 | 29.00 | 32.00 | OK | |
| r-oldrel-macos-x86_64 | 1.3 | 6.00 | 42.00 | 48.00 | OK | |
| r-oldrel-windows-x86_64 | 1.3 | 12.00 | 96.00 | 108.00 | OK |
Version: 1.3
Check: CRAN incoming feasibility
Result: NOTE
Maintainer: ‘Jason Wilson <jason.wilson@biola.edu>’
No Authors@R field in DESCRIPTION.
Please add one, modifying
Authors@R: person(given = "Jason",
family = "Wilson",
role = c("aut", "cre"),
email = "jason.wilson@biola.edu")
as necessary.
Flavors: r-devel-linux-x86_64-debian-clang, r-devel-linux-x86_64-debian-gcc