Last updated on 2025-11-15 11:50:52 CET.
| Flavor | Version | Tinstall | Tcheck | Ttotal | Status | Flags |
|---|---|---|---|---|---|---|
| r-devel-linux-x86_64-debian-clang | 1.1.2 | 8.51 | 77.90 | 86.41 | OK | |
| r-devel-linux-x86_64-debian-gcc | 1.1.2 | 5.32 | 59.69 | 65.01 | OK | |
| r-devel-linux-x86_64-fedora-clang | 1.1.2 | 20.00 | 118.04 | 138.04 | OK | |
| r-devel-linux-x86_64-fedora-gcc | 1.1.2 | 18.00 | 167.76 | 185.76 | OK | |
| r-devel-windows-x86_64 | 1.1.2 | 15.00 | 83.00 | 98.00 | OK | |
| r-patched-linux-x86_64 | 1.1.2 | 9.35 | 73.46 | 82.81 | OK | |
| r-release-linux-x86_64 | 1.1.2 | 7.13 | 73.79 | 80.92 | OK | |
| r-release-macos-arm64 | 1.1.2 | 4.00 | 47.00 | 51.00 | OK | |
| r-release-macos-x86_64 | 1.1.2 | 9.00 | 90.00 | 99.00 | OK | |
| r-release-windows-x86_64 | 1.1.2 | 11.00 | 82.00 | 93.00 | OK | |
| r-oldrel-macos-arm64 | 1.1.2 | 4.00 | 44.00 | 48.00 | NOTE | |
| r-oldrel-macos-x86_64 | 1.1.2 | 8.00 | 75.00 | 83.00 | NOTE | |
| r-oldrel-windows-x86_64 | 1.1.2 | 15.00 | 107.00 | 122.00 | OK |
Version: 1.1.2
Check: installed package size
Result: NOTE
installed size is 5.0Mb
sub-directories of 1Mb or more:
doc 4.9Mb
Flavors: r-oldrel-macos-arm64, r-oldrel-macos-x86_64