CRAN Package Check Results for Package OneR

Last updated on 2025-10-12 10:50:34 CEST.

Flavor Version Tinstall Tcheck Ttotal Status Flags
r-devel-linux-x86_64-debian-clang 2.2 2.41 31.75 34.16 NOTE
r-devel-linux-x86_64-debian-gcc 2.2 1.75 25.17 26.92 NOTE
r-devel-linux-x86_64-fedora-clang 2.2 52.69 OK
r-devel-linux-x86_64-fedora-gcc 2.2 60.56 OK
r-devel-windows-x86_64 2.2 5.00 54.00 59.00 OK
r-patched-linux-x86_64 2.2 2.30 29.11 31.41 OK
r-release-linux-x86_64 2.2 2.26 29.23 31.49 OK
r-release-macos-arm64 2.2 25.00 OK
r-release-macos-x86_64 2.2 45.00 OK
r-release-windows-x86_64 2.2 3.00 58.00 61.00 OK
r-oldrel-macos-arm64 2.2 24.00 OK
r-oldrel-macos-x86_64 2.2 37.00 OK
r-oldrel-windows-x86_64 2.2 5.00 62.00 67.00 OK

Check Details

Version: 2.2
Check: CRAN incoming feasibility
Result: NOTE Maintainer: ‘Holger von Jouanne-Diedrich <holger.jouanne-diedrich@h-ab.de>’ No Authors@R field in DESCRIPTION. Please add one, modifying Authors@R: person(given = "Holger", family = "von Jouanne-Diedrich", role = c("aut", "cre"), email = "holger.jouanne-diedrich@h-ab.de") as necessary. Flavors: r-devel-linux-x86_64-debian-clang, r-devel-linux-x86_64-debian-gcc