Last updated on 2025-11-27 10:50:44 CET.
| Flavor | Version | Tinstall | Tcheck | Ttotal | Status | Flags |
|---|---|---|---|---|---|---|
| r-devel-linux-x86_64-debian-clang | 0.7.2 | 4.41 | 84.90 | 89.31 | NOTE | |
| r-devel-linux-x86_64-debian-gcc | 0.7.2 | 3.50 | 58.69 | 62.19 | NOTE | |
| r-devel-linux-x86_64-fedora-clang | 0.7.2 | 13.00 | 130.54 | 143.54 | NOTE | |
| r-devel-linux-x86_64-fedora-gcc | 0.7.2 | 11.00 | 145.71 | 156.71 | NOTE | |
| r-devel-windows-x86_64 | 0.7.2 | 8.00 | 93.00 | 101.00 | NOTE | |
| r-patched-linux-x86_64 | 0.7.2 | 4.73 | 79.99 | 84.72 | NOTE | |
| r-release-linux-x86_64 | 0.7.2 | 4.81 | 80.31 | 85.12 | NOTE | |
| r-release-macos-arm64 | 0.7.2 | NOTE | ||||
| r-release-macos-x86_64 | 0.7.2 | 4.00 | 105.00 | 109.00 | NOTE | |
| r-release-windows-x86_64 | 0.7.2 | 7.00 | 93.00 | 100.00 | NOTE | |
| r-oldrel-macos-arm64 | 0.7.2 | NOTE | ||||
| r-oldrel-macos-x86_64 | 0.7.2 | 4.00 | 91.00 | 95.00 | NOTE | |
| r-oldrel-windows-x86_64 | 0.7.2 | 9.00 | 122.00 | 131.00 | NOTE |
Version: 0.7.2
Check: Rd files
Result: NOTE
checkRd: (-1) mma.Rd:67: Escaped LaTeX specials: \&
Flavors: r-devel-linux-x86_64-debian-clang, r-devel-linux-x86_64-debian-gcc, r-devel-linux-x86_64-fedora-clang, r-devel-linux-x86_64-fedora-gcc, r-devel-windows-x86_64, r-patched-linux-x86_64, r-release-linux-x86_64, r-release-macos-arm64, r-release-macos-x86_64, r-release-windows-x86_64, r-oldrel-macos-arm64, r-oldrel-macos-x86_64, r-oldrel-windows-x86_64