Last updated on 2025-11-26 13:50:11 CET.
| Flavor | Version | Tinstall | Tcheck | Ttotal | Status | Flags |
|---|---|---|---|---|---|---|
| r-devel-linux-x86_64-debian-clang | 2024.1.0 | 8.79 | 62.45 | 71.24 | OK | |
| r-devel-linux-x86_64-debian-gcc | 2024.1.0 | 5.99 | 45.23 | 51.22 | OK | |
| r-devel-linux-x86_64-fedora-clang | 2024.1.0 | 21.00 | 90.63 | 111.63 | NOTE | |
| r-devel-linux-x86_64-fedora-gcc | 2024.1.0 | 35.00 | 76.41 | 111.41 | NOTE | |
| r-devel-windows-x86_64 | 2024.1.0 | 15.00 | 68.00 | 83.00 | OK | |
| r-patched-linux-x86_64 | 2024.1.0 | 8.62 | 57.47 | 66.09 | OK | |
| r-release-linux-x86_64 | 2024.1.0 | 8.55 | 56.83 | 65.38 | OK | |
| r-release-macos-arm64 | 2024.1.0 | OK | ||||
| r-release-macos-x86_64 | 2024.1.0 | 7.00 | 55.00 | 62.00 | OK | |
| r-release-windows-x86_64 | 2024.1.0 | 10.00 | 67.00 | 77.00 | OK | |
| r-oldrel-macos-arm64 | 2024.1.0 | OK | ||||
| r-oldrel-macos-x86_64 | 2024.1.0 | 7.00 | 60.00 | 67.00 | OK | |
| r-oldrel-windows-x86_64 | 2024.1.0 | 13.00 | 86.00 | 99.00 | OK |
Version: 2024.1.0
Check: dependencies in R code
Result: NOTE
Namespaces in Imports field not imported from:
‘ggplot2’ ‘grDevices’ ‘latex2exp’
All declared Imports should be used.
Flavors: r-devel-linux-x86_64-fedora-clang, r-devel-linux-x86_64-fedora-gcc