Last updated on 2025-10-24 10:50:10 CEST.
| Flavor | Version | Tinstall | Tcheck | Ttotal | Status | Flags |
|---|---|---|---|---|---|---|
| r-devel-linux-x86_64-debian-clang | 7.3.2 | 21.27 | 380.06 | 401.33 | NOTE | |
| r-devel-linux-x86_64-debian-gcc | 7.3.2 | 14.46 | 246.01 | 260.47 | OK | |
| r-devel-linux-x86_64-fedora-clang | 7.3.2 | 51.00 | 565.53 | 616.53 | OK | |
| r-devel-linux-x86_64-fedora-gcc | 7.3.2 | 44.00 | 602.76 | 646.76 | OK | |
| r-devel-windows-x86_64 | 7.3.2 | 25.00 | 410.00 | 435.00 | OK | |
| r-patched-linux-x86_64 | 7.3.2 | 23.01 | 367.77 | 390.78 | OK | |
| r-release-linux-x86_64 | 7.3.2 | 20.62 | 369.82 | 390.44 | OK | |
| r-release-macos-arm64 | 7.3.2 | 13.00 | 180.00 | 193.00 | OK | |
| r-release-macos-x86_64 | 7.3.2 | 19.00 | 318.00 | 337.00 | OK | |
| r-release-windows-x86_64 | 7.3.2 | 25.00 | 412.00 | 437.00 | OK | |
| r-oldrel-macos-arm64 | 7.3.2 | 11.00 | 165.00 | 176.00 | NOTE | |
| r-oldrel-macos-x86_64 | 7.3.2 | 31.00 | 498.00 | 529.00 | NOTE | |
| r-oldrel-windows-x86_64 | 7.3.2 | 34.00 | 532.00 | 566.00 | OK |
Version: 7.3.2
Check: HTML version of manual
Result: NOTE
Found the following HTML validation problems:
initParallelRun.html:49:1 (initParallelRun.Rd:12): Warning: missing </ul> before </div>
Flavor: r-devel-linux-x86_64-debian-clang
Version: 7.3.2
Check: package dependencies
Result: NOTE
Package suggested but not available for checking: ‘Rmpi’
Flavors: r-oldrel-macos-arm64, r-oldrel-macos-x86_64