Last updated on 2025-11-12 11:51:13 CET.
| Flavor | Version | Tinstall | Tcheck | Ttotal | Status | Flags |
|---|---|---|---|---|---|---|
| r-devel-linux-x86_64-debian-clang | 1.1.1 | 12.55 | 124.94 | 137.49 | NOTE | |
| r-devel-linux-x86_64-debian-gcc | 1.1.1 | 10.15 | 90.50 | 100.65 | NOTE | |
| r-devel-linux-x86_64-fedora-clang | 1.1.1 | 28.00 | 183.58 | 211.58 | NOTE | |
| r-devel-linux-x86_64-fedora-gcc | 1.1.1 | 32.00 | 171.98 | 203.98 | NOTE | |
| r-devel-windows-x86_64 | 1.1.1 | 15.00 | 115.00 | 130.00 | NOTE | |
| r-patched-linux-x86_64 | 1.1.1 | 13.02 | 117.99 | 131.01 | NOTE | |
| r-release-linux-x86_64 | 1.1.1 | 13.94 | 120.11 | 134.05 | NOTE | |
| r-release-macos-arm64 | 1.1.1 | 6.00 | 50.00 | 56.00 | NOTE | |
| r-release-macos-x86_64 | 1.1.1 | 12.00 | 111.00 | 123.00 | NOTE | |
| r-release-windows-x86_64 | 1.1.1 | 17.00 | 113.00 | 130.00 | NOTE | |
| r-oldrel-macos-arm64 | 1.1.1 | 6.00 | 51.00 | 57.00 | NOTE | |
| r-oldrel-macos-x86_64 | 1.1.1 | 9.00 | 95.00 | 104.00 | NOTE | |
| r-oldrel-windows-x86_64 | 1.1.1 | 20.00 | 151.00 | 171.00 | NOTE |
Version: 1.1.1
Check: Rd files
Result: NOTE
checkRd: (-1) FADPclust.Rd:28: Lost braces in \itemize; \value handles \item{}{} directly
checkRd: (-1) FADPclust.Rd:29: Lost braces in \itemize; \value handles \item{}{} directly
checkRd: (-1) FADPclust.Rd:30: Lost braces in \itemize; \value handles \item{}{} directly
checkRd: (-1) FADPclust.Rd:31: Lost braces in \itemize; \value handles \item{}{} directly
checkRd: (-1) FADPclust.Rd:32: Lost braces in \itemize; \value handles \item{}{} directly
checkRd: (-1) FADPclust.Rd:33: Lost braces in \itemize; \value handles \item{}{} directly
checkRd: (-1) FADPclust.Rd:34: Lost braces in \itemize; \value handles \item{}{} directly
checkRd: (-1) FADPclust.Rd:35: Lost braces in \itemize; \value handles \item{}{} directly
checkRd: (-1) FADPclust.Rd:36: Lost braces in \itemize; \value handles \item{}{} directly
checkRd: (-1) FADPclust.Rd:37: Lost braces in \itemize; \value handles \item{}{} directly
Flavors: r-devel-linux-x86_64-debian-clang, r-devel-linux-x86_64-debian-gcc, r-devel-linux-x86_64-fedora-clang, r-devel-linux-x86_64-fedora-gcc, r-devel-windows-x86_64, r-patched-linux-x86_64, r-release-linux-x86_64, r-release-macos-arm64, r-release-macos-x86_64, r-release-windows-x86_64, r-oldrel-macos-arm64, r-oldrel-macos-x86_64, r-oldrel-windows-x86_64