Last updated on 2025-11-25 13:49:57 CET.
| Flavor | Version | Tinstall | Tcheck | Ttotal | Status | Flags |
|---|---|---|---|---|---|---|
| r-devel-linux-x86_64-debian-clang | 1.0.1 | 37.94 | 504.60 | 542.54 | ERROR | |
| r-devel-linux-x86_64-debian-gcc | 1.0.1 | 22.53 | 363.60 | 386.13 | ERROR | |
| r-devel-linux-x86_64-fedora-clang | 1.0.1 | 77.00 | 795.11 | 872.11 | ERROR | |
| r-devel-linux-x86_64-fedora-gcc | 1.0.1 | 97.00 | 734.84 | 831.84 | ERROR | |
| r-release-linux-x86_64 | 1.0.1 | 35.49 | 498.97 | 534.46 | OK | |
| r-release-macos-arm64 | 1.0.1 | 8.00 | 245.00 | 253.00 | OK | |
| r-release-macos-x86_64 | 1.0.1 | 26.00 | 402.00 | 428.00 | OK | |
| r-oldrel-macos-arm64 | 1.0.1 | 8.00 | 295.00 | 303.00 | OK | |
| r-oldrel-macos-x86_64 | 1.0.1 | 36.00 | 425.00 | 461.00 | OK | |
| r-oldrel-windows-x86_64 | 1.0.1 | 49.00 | 890.00 | 939.00 | OK |
Version: 1.0.1
Check: re-building of vignette outputs
Result: ERROR
Error(s) in re-building vignettes:
...
--- re-building ‘data_cleaning.Rmd’ using rmarkdown
trying URL 'https://geodata.ucdavis.edu/gadm/gadm3.6/gadm36_adm0_r3_pk.rds'
Content type 'unknown' length 2438344 bytes (2.3 MB)
==================================================
downloaded 2.3 MB
[WARNING] Deprecated: --highlight-style. Use --syntax-highlighting instead.
--- finished re-building ‘data_cleaning.Rmd’
--- re-building ‘data_merging.Rmd’ using rmarkdown
Quitting from data_merging.Rmd:26-32 [setup]
~~~~~~~~~~~~~~~~~~~~~~~~~~~~~~~~~~~~~~~~~~~~~~~~~~~~~~~~~~~~~~~~~~~~~~~~~~~~~~~~
<error/rlang_error>
Error in `library()`:
! there is no package called 'robis'
---
Backtrace:
▆
1. └─base::library(robis)
~~~~~~~~~~~~~~~~~~~~~~~~~~~~~~~~~~~~~~~~~~~~~~~~~~~~~~~~~~~~~~~~~~~~~~~~~~~~~~~~
Error: processing vignette 'data_merging.Rmd' failed with diagnostics:
there is no package called 'robis'
--- failed re-building ‘data_merging.Rmd’
SUMMARY: processing the following file failed:
‘data_merging.Rmd’
Error: Vignette re-building failed.
Execution halted
Flavors: r-devel-linux-x86_64-debian-clang, r-devel-linux-x86_64-debian-gcc
Version: 1.0.1
Check: re-building of vignette outputs
Result: ERROR
Error(s) in re-building vignettes:
--- re-building ‘data_cleaning.Rmd’ using rmarkdown
trying URL 'https://geodata.ucdavis.edu/gadm/gadm3.6/gadm36_adm0_r3_pk.rds'
Content type 'unknown' length 2438344 bytes (2.3 MB)
==================================================
downloaded 2.3 MB
[WARNING] Deprecated: --highlight-style. Use --syntax-highlighting instead.
--- finished re-building ‘data_cleaning.Rmd’
--- re-building ‘data_merging.Rmd’ using rmarkdown
Quitting from data_merging.Rmd:26-32 [setup]
~~~~~~~~~~~~~~~~~~~~~~~~~~~~~~~~~~~~~~~~~~~~~~~~~~~~~~~~~~~~~~~~~~~~~~~~~~~~~~~~
<error/rlang_error>
Error in `library()`:
! there is no package called 'robis'
---
Backtrace:
▆
1. └─base::library(robis)
~~~~~~~~~~~~~~~~~~~~~~~~~~~~~~~~~~~~~~~~~~~~~~~~~~~~~~~~~~~~~~~~~~~~~~~~~~~~~~~~
Error: processing vignette 'data_merging.Rmd' failed with diagnostics:
there is no package called 'robis'
--- failed re-building ‘data_merging.Rmd’
SUMMARY: processing the following file failed:
‘data_merging.Rmd’
Error: Vignette re-building failed.
Execution halted
Flavors: r-devel-linux-x86_64-fedora-clang, r-devel-linux-x86_64-fedora-gcc