CRAN Package Check Results for Package ConfigParser

Last updated on 2025-11-06 11:49:39 CET.

Flavor Version Tinstall Tcheck Ttotal Status Flags
r-devel-linux-x86_64-debian-clang 1.0.0 2.35 20.98 23.33 OK
r-devel-linux-x86_64-debian-gcc 1.0.0 1.99 17.45 19.44 OK
r-devel-linux-x86_64-fedora-clang 1.0.0 16.00 18.39 34.39 OK
r-devel-linux-x86_64-fedora-gcc 1.0.0 29.53 OK
r-devel-windows-x86_64 1.0.0 4.00 40.00 44.00 OK
r-patched-linux-x86_64 1.0.0 2.34 18.52 20.86 OK
r-release-linux-x86_64 1.0.0 2.21 18.29 20.50 OK
r-release-macos-arm64 1.0.0 1.00 15.00 16.00 OK
r-release-macos-x86_64 1.0.0 2.00 22.00 24.00 OK
r-release-windows-x86_64 1.0.0 4.00 38.00 42.00 OK
r-oldrel-macos-arm64 1.0.0 1.00 19.00 20.00 NOTE
r-oldrel-macos-x86_64 1.0.0 2.00 20.00 22.00 NOTE
r-oldrel-windows-x86_64 1.0.0 4.00 44.00 48.00 NOTE

Check Details

Version: 1.0.0
Check: LazyData
Result: NOTE 'LazyData' is specified without a 'data' directory Flavors: r-oldrel-macos-arm64, r-oldrel-macos-x86_64, r-oldrel-windows-x86_64