Last updated on 2025-10-10 11:51:00 CEST.
Flavor | Version | Tinstall | Tcheck | Ttotal | Status | Flags |
---|---|---|---|---|---|---|
r-devel-linux-x86_64-debian-clang | 1.0.1 | 3.31 | 109.73 | 113.04 | NOTE | |
r-devel-linux-x86_64-debian-gcc | 1.0.1 | 2.18 | 81.30 | 83.48 | NOTE | |
r-devel-linux-x86_64-fedora-clang | 1.0.1 | 168.15 | NOTE | |||
r-devel-linux-x86_64-fedora-gcc | 1.0.1 | 186.20 | NOTE | |||
r-devel-windows-x86_64 | 1.0.1 | 6.00 | 134.00 | 140.00 | NOTE | |
r-patched-linux-x86_64 | 1.0.1 | 3.53 | 111.92 | 115.45 | NOTE | |
r-release-linux-x86_64 | 1.0.1 | 3.38 | 110.72 | 114.10 | NOTE | |
r-release-macos-arm64 | 1.0.1 | 75.00 | NOTE | |||
r-release-macos-x86_64 | 1.0.1 | 118.00 | NOTE | |||
r-release-windows-x86_64 | 1.0.1 | 6.00 | 132.00 | 138.00 | NOTE | |
r-oldrel-macos-arm64 | 1.0.1 | 59.00 | NOTE | |||
r-oldrel-macos-x86_64 | 1.0.1 | 101.00 | NOTE | |||
r-oldrel-windows-x86_64 | 1.0.1 | 7.00 | 170.00 | 177.00 | NOTE |
Version: 1.0.1
Check: Rd files
Result: NOTE
checkRd: (-1) count_pairs.Rd:19-20: Lost braces in \itemize; \value handles \item{}{} directly
checkRd: (-1) count_pairs.Rd:21-22: Lost braces in \itemize; \value handles \item{}{} directly
checkRd: (-1) count_pairs.Rd:23-24: Lost braces in \itemize; \value handles \item{}{} directly
checkRd: (-1) count_pairs.Rd:25-26: Lost braces in \itemize; \value handles \item{}{} directly
checkRd: (-1) count_pairs.Rd:27-28: Lost braces in \itemize; \value handles \item{}{} directly
checkRd: (-1) entropy.Rd:18: Lost braces in \itemize; \value handles \item{}{} directly
checkRd: (-1) entropy.Rd:19: Lost braces in \itemize; \value handles \item{}{} directly
checkRd: (-1) entropy.Rd:20: Lost braces in \itemize; \value handles \item{}{} directly
checkRd: (-1) entropy.Rd:21: Lost braces in \itemize; \value handles \item{}{} directly
checkRd: (-1) score_log_nonparam.Rd:36: Lost braces; missing escapes or markup?
36 | {0, 1}.
| ^
checkRd: (-1) score_log_semiparam.Rd:40: Lost braces; missing escapes or markup?
40 | values in {0, 1}.
| ^
checkRd: (-1) sort_pairs.Rd:18: Lost braces in \itemize; \value handles \item{}{} directly
checkRd: (-1) sort_pairs.Rd:19: Lost braces in \itemize; \value handles \item{}{} directly
checkRd: (-1) sort_pairs.Rd:20: Lost braces in \itemize; \value handles \item{}{} directly
checkRd: (-1) sort_pairs.Rd:21: Lost braces in \itemize; \value handles \item{}{} directly
checkRd: (-1) sort_pairs.Rd:22: Lost braces in \itemize; \value handles \item{}{} directly
checkRd: (-1) sort_pairs.Rd:23: Lost braces in \itemize; \value handles \item{}{} directly
Flavors: r-devel-linux-x86_64-debian-clang, r-devel-linux-x86_64-debian-gcc, r-devel-linux-x86_64-fedora-clang, r-devel-linux-x86_64-fedora-gcc, r-devel-windows-x86_64, r-patched-linux-x86_64, r-release-linux-x86_64, r-release-macos-arm64, r-release-macos-x86_64, r-release-windows-x86_64, r-oldrel-macos-arm64, r-oldrel-macos-x86_64, r-oldrel-windows-x86_64