Last updated on 2025-11-03 11:49:38 CET.
| Flavor | Version | Tinstall | Tcheck | Ttotal | Status | Flags | 
|---|---|---|---|---|---|---|
| r-devel-linux-x86_64-debian-clang | 2.1.1 | 31.90 | 185.56 | 217.46 | NOTE | |
| r-devel-linux-x86_64-debian-gcc | 2.1.1 | 18.27 | 116.97 | 135.24 | NOTE | |
| r-devel-linux-x86_64-fedora-clang | 2.1.1 | 216.00 | 176.36 | 392.36 | NOTE | |
| r-devel-linux-x86_64-fedora-gcc | 2.1.1 | 61.00 | 276.04 | 337.04 | NOTE | |
| r-devel-windows-x86_64 | 2.1.1 | 33.00 | 192.00 | 225.00 | NOTE | |
| r-patched-linux-x86_64 | 2.1.1 | 26.80 | 178.79 | 205.59 | NOTE | |
| r-release-linux-x86_64 | 2.1.1 | 29.55 | 175.54 | 205.09 | NOTE | |
| r-release-macos-arm64 | 2.1.1 | 13.00 | 95.00 | 108.00 | NOTE | |
| r-release-macos-x86_64 | 2.1.1 | 16.00 | 187.00 | 203.00 | NOTE | |
| r-release-windows-x86_64 | 2.1.1 | 35.00 | 210.00 | 245.00 | NOTE | |
| r-oldrel-macos-arm64 | 2.1.1 | 14.00 | 84.00 | 98.00 | NOTE | |
| r-oldrel-macos-x86_64 | 2.1.1 | 14.00 | 145.00 | 159.00 | NOTE | |
| r-oldrel-windows-x86_64 | 2.1.1 | 42.00 | 280.00 | 322.00 | NOTE | 
Version: 2.1.1
Check: CRAN incoming feasibility
Result: NOTE
  Maintainer: ‘Evelyne Vigneau <evelyne.vigneau@oniris-nantes.fr>’
  
  No Authors@R field in DESCRIPTION.
  Please add one, modifying
    Authors@R: c(person(given = "Evelyne",
                        family = "Vigneau",
                        role = c("aut", "cre"),
                        email = "evelyne.vigneau@oniris-nantes.fr"),
                 person(given = "Mingkun",
                        family = "Chen",
                        role = "ctb"),
                 person(given = "Veronique",
                        family = "Cariou",
                        role = "aut"))
  as necessary.
Flavors: r-devel-linux-x86_64-debian-clang, r-devel-linux-x86_64-debian-gcc
Version: 2.1.1
Check: Rd files
Result: NOTE
  checkRd: (-1) CLV.Rd:51: Lost braces in \itemize; \value handles \item{}{} directly
  checkRd: (-1) CLV.Rd:52: Lost braces in \itemize; \value handles \item{}{} directly
  checkRd: (-1) CLV.Rd:53: Lost braces in \itemize; \value handles \item{}{} directly
  checkRd: (-1) CLV.Rd:54: Lost braces in \itemize; \value handles \item{}{} directly
  checkRd: (-1) CLV.Rd:55-56: Lost braces in \itemize; \value handles \item{}{} directly
  checkRd: (-1) CLV.Rd:57: Lost braces in \itemize; \value handles \item{}{} directly
  checkRd: (-1) CLV.Rd:58: Lost braces in \itemize; \value handles \item{}{} directly
  checkRd: (-1) CLV.Rd:59-60: Lost braces in \itemize; \value handles \item{}{} directly
  checkRd: (-1) CLV.Rd:65: Lost braces in \itemize; \value handles \item{}{} directly
  checkRd: (-1) CLV.Rd:66: Lost braces in \itemize; \value handles \item{}{} directly
  checkRd: (-1) CLV.Rd:67: Lost braces in \itemize; \value handles \item{}{} directly
  checkRd: (-1) CLV3W.Rd:36: Lost braces in \itemize; \value handles \item{}{} directly
  checkRd: (-1) CLV3W.Rd:37: Lost braces in \itemize; \value handles \item{}{} directly
  checkRd: (-1) CLV3W.Rd:38: Lost braces in \itemize; \value handles \item{}{} directly
  checkRd: (-1) CLV3W.Rd:39: Lost braces in \itemize; \value handles \item{}{} directly
  checkRd: (-1) CLV3W.Rd:40: Lost braces in \itemize; \value handles \item{}{} directly
  checkRd: (-1) CLV3W.Rd:41: Lost braces in \itemize; \value handles \item{}{} directly
  checkRd: (-1) CLV3W.Rd:42: Lost braces in \itemize; \value handles \item{}{} directly
  checkRd: (-1) CLV3W.Rd:43-44: Lost braces in \itemize; \value handles \item{}{} directly
  checkRd: (-1) CLV3W.Rd:51: Lost braces in \itemize; \value handles \item{}{} directly
  checkRd: (-1) CLV3W.Rd:52: Lost braces in \itemize; \value handles \item{}{} directly
  checkRd: (-1) CLV3W.Rd:53: Lost braces in \itemize; \value handles \item{}{} directly
  checkRd: (-1) CLV3W.Rd:54: Lost braces in \itemize; \value handles \item{}{} directly
  checkRd: (-1) CLV3W.Rd:55: Lost braces in \itemize; \value handles \item{}{} directly
  checkRd: (-1) CLV3W.Rd:60: Lost braces in \itemize; \value handles \item{}{} directly
  checkRd: (-1) CLV3W.Rd:61: Lost braces in \itemize; \value handles \item{}{} directly
  checkRd: (-1) CLV3W_kmeans.Rd:31: Lost braces in \itemize; \value handles \item{}{} directly
  checkRd: (-1) CLV3W_kmeans.Rd:32: Lost braces in \itemize; \value handles \item{}{} directly
  checkRd: (-1) CLV3W_kmeans.Rd:33: Lost braces in \itemize; \value handles \item{}{} directly
  checkRd: (-1) CLV3W_kmeans.Rd:34: Lost braces in \itemize; \value handles \item{}{} directly
  checkRd: (-1) CLV3W_kmeans.Rd:35: Lost braces in \itemize; \value handles \item{}{} directly
  checkRd: (-1) CLV3W_kmeans.Rd:36: Lost braces in \itemize; \value handles \item{}{} directly
  checkRd: (-1) CLV3W_kmeans.Rd:41: Lost braces in \itemize; \value handles \item{}{} directly
  checkRd: (-1) LCLV.Rd:32: Lost braces in \itemize; \value handles \item{}{} directly
  checkRd: (-1) LCLV.Rd:33: Lost braces in \itemize; \value handles \item{}{} directly
  checkRd: (-1) LCLV.Rd:34: Lost braces in \itemize; \value handles \item{}{} directly
  checkRd: (-1) LCLV.Rd:35: Lost braces in \itemize; \value handles \item{}{} directly
  checkRd: (-1) LCLV.Rd:36: Lost braces in \itemize; \value handles \item{}{} directly
  checkRd: (-1) LCLV.Rd:37: Lost braces in \itemize; \value handles \item{}{} directly
  checkRd: (-1) LCLV.Rd:38: Lost braces in \itemize; \value handles \item{}{} directly
  checkRd: (-1) LCLV.Rd:39-40: Lost braces in \itemize; \value handles \item{}{} directly
  checkRd: (-1) LCLV.Rd:45: Lost braces in \itemize; \value handles \item{}{} directly
  checkRd: (-1) LCLV.Rd:46: Lost braces in \itemize; \value handles \item{}{} directly
  checkRd: (-1) LCLV.Rd:47: Lost braces in \itemize; \value handles \item{}{} directly
  checkRd: (-1) LCLV.Rd:48: Lost braces in \itemize; \value handles \item{}{} directly
  checkRd: (-1) LCLV.Rd:49: Lost braces in \itemize; \value handles \item{}{} directly
Flavors: r-devel-linux-x86_64-debian-clang, r-devel-linux-x86_64-debian-gcc, r-devel-linux-x86_64-fedora-clang, r-devel-linux-x86_64-fedora-gcc, r-devel-windows-x86_64, r-patched-linux-x86_64, r-release-linux-x86_64, r-release-macos-arm64, r-release-macos-x86_64, r-release-windows-x86_64, r-oldrel-macos-arm64, r-oldrel-macos-x86_64, r-oldrel-windows-x86_64