CRAN Package Check Results for Package CEoptim

Last updated on 2025-11-20 11:51:06 CET.

Flavor Version Tinstall Tcheck Ttotal Status Flags
r-devel-linux-x86_64-debian-clang 1.3 8.43 68.95 77.38 NOTE
r-devel-linux-x86_64-debian-gcc 1.3 6.10 52.45 58.55 NOTE
r-devel-linux-x86_64-fedora-clang 1.3 40.00 84.95 124.95 OK
r-devel-linux-x86_64-fedora-gcc 1.3 21.00 92.57 113.57 OK
r-devel-windows-x86_64 1.3 11.00 77.00 88.00 OK
r-patched-linux-x86_64 1.3 6.94 65.91 72.85 OK
r-release-linux-x86_64 1.3 8.63 66.17 74.80 OK
r-release-macos-arm64 1.3 OK
r-release-macos-x86_64 1.3 6.00 55.00 61.00 OK
r-release-windows-x86_64 1.3 10.00 77.00 87.00 OK
r-oldrel-macos-arm64 1.3 OK
r-oldrel-macos-x86_64 1.3 7.00 48.00 55.00 OK
r-oldrel-windows-x86_64 1.3 13.00 92.00 105.00 OK

Check Details

Version: 1.3
Check: CRAN incoming feasibility
Result: NOTE Maintainer: ‘Benoit Liquet <b.liquet@uq.edu.au>’ No Authors@R field in DESCRIPTION. Please add one, modifying Authors@R: c(person(given = "Tim", family = "Benham", role = "aut"), person(given = "Qibin", family = "Duan", role = "aut"), person(given = c("Dirk", "P."), family = "Kroese", role = "aut"), person(given = "Benoit", family = "Liquet", role = c("aut", "cre"), email = "b.liquet@uq.edu.au")) as necessary. Flavors: r-devel-linux-x86_64-debian-clang, r-devel-linux-x86_64-debian-gcc