Last updated on 2025-11-02 13:49:31 CET.
| Flavor | Version | Tinstall | Tcheck | Ttotal | Status | Flags |
|---|---|---|---|---|---|---|
| r-devel-linux-x86_64-debian-clang | 0.1.1 | 12.92 | 117.97 | 130.89 | NOTE | |
| r-devel-linux-x86_64-debian-gcc | 0.1.1 | 9.30 | 84.57 | 93.87 | NOTE | |
| r-devel-linux-x86_64-fedora-clang | 0.1.1 | 36.00 | 162.73 | 198.73 | NOTE | |
| r-devel-linux-x86_64-fedora-gcc | 0.1.1 | 31.00 | 174.07 | 205.07 | NOTE | |
| r-devel-windows-x86_64 | 0.1.1 | 14.00 | 110.00 | 124.00 | NOTE | |
| r-patched-linux-x86_64 | 0.1.1 | 9.53 | 106.49 | 116.02 | NOTE | |
| r-release-linux-x86_64 | 0.1.1 | 12.43 | 107.52 | 119.95 | NOTE | |
| r-release-macos-arm64 | 0.1.1 | 5.00 | 50.00 | 55.00 | NOTE | |
| r-release-macos-x86_64 | 0.1.1 | 10.00 | 94.00 | 104.00 | NOTE | |
| r-release-windows-x86_64 | 0.1.1 | 14.00 | 109.00 | 123.00 | NOTE | |
| r-oldrel-macos-arm64 | 0.1.1 | 5.00 | 50.00 | 55.00 | NOTE | |
| r-oldrel-macos-x86_64 | 0.1.1 | 13.00 | 77.00 | 90.00 | NOTE | |
| r-oldrel-windows-x86_64 | 0.1.1 | 18.00 | 142.00 | 160.00 | NOTE |
Version: 0.1.1
Check: package subdirectories
Result: NOTE
Problems with news in ‘NEWS.md’:
No news entries found.
Flavors: r-devel-linux-x86_64-debian-clang, r-devel-linux-x86_64-debian-gcc, r-devel-linux-x86_64-fedora-clang, r-devel-linux-x86_64-fedora-gcc, r-devel-windows-x86_64, r-patched-linux-x86_64, r-release-linux-x86_64, r-release-macos-arm64, r-release-macos-x86_64, r-release-windows-x86_64, r-oldrel-macos-arm64, r-oldrel-macos-x86_64, r-oldrel-windows-x86_64
Version: 0.1.1
Check: dependencies in R code
Result: NOTE
Namespace in Imports field not imported from: ‘tidyr’
All declared Imports should be used.
Flavors: r-devel-linux-x86_64-fedora-clang, r-devel-linux-x86_64-fedora-gcc