Last updated on 2025-11-02 13:49:31 CET.
| Flavor | Version | Tinstall | Tcheck | Ttotal | Status | Flags |
|---|---|---|---|---|---|---|
| r-devel-linux-x86_64-debian-clang | 2.0 | 3.97 | 30.21 | 34.18 | OK | |
| r-devel-linux-x86_64-debian-gcc | 2.0 | 2.67 | 23.09 | 25.76 | OK | |
| r-devel-linux-x86_64-fedora-clang | 2.0 | 52.88 | OK | |||
| r-devel-linux-x86_64-fedora-gcc | 2.0 | 50.07 | OK | |||
| r-devel-windows-x86_64 | 2.0 | 6.00 | 65.00 | 71.00 | OK | |
| r-patched-linux-x86_64 | 2.0 | 3.71 | 29.30 | 33.01 | OK | |
| r-release-linux-x86_64 | 2.0 | 3.63 | 28.63 | 32.26 | OK | |
| r-release-macos-arm64 | 2.0 | 2.00 | 25.00 | 27.00 | OK | |
| r-release-macos-x86_64 | 2.0 | 5.00 | 35.00 | 40.00 | OK | |
| r-release-windows-x86_64 | 2.0 | 7.00 | 62.00 | 69.00 | OK | |
| r-oldrel-macos-arm64 | 2.0 | 2.00 | 19.00 | 21.00 | NOTE | |
| r-oldrel-macos-x86_64 | 2.0 | 3.00 | 32.00 | 35.00 | NOTE | |
| r-oldrel-windows-x86_64 | 2.0 | 8.00 | 57.00 | 65.00 | OK |
Version: 2.0
Check: package dependencies
Result: NOTE
Package suggested but not available for checking: ‘INLA’
Flavors: r-oldrel-macos-arm64, r-oldrel-macos-x86_64